CRAN Package Check Results for Package HyperG

Last updated on 2025-10-03 07:49:43 CEST.

Flavor Version Tinstall Tcheck Ttotal Status Flags
r-devel-linux-x86_64-debian-clang 1.0.0 8.43 83.53 91.96 NOTE
r-devel-linux-x86_64-debian-gcc 1.0.0 6.85 58.51 65.36 NOTE
r-devel-linux-x86_64-fedora-clang 1.0.0 138.87 OK
r-devel-linux-x86_64-fedora-gcc 1.0.0 122.00 OK
r-devel-windows-x86_64 1.0.0 11.00 102.00 113.00 OK
r-patched-linux-x86_64 1.0.0 9.99 77.85 87.84 OK
r-release-linux-x86_64 1.0.0 8.86 77.70 86.56 OK
r-release-macos-arm64 1.0.0 40.00 OK
r-release-macos-x86_64 1.0.0 66.00 OK
r-release-windows-x86_64 1.0.0 10.00 103.00 113.00 OK
r-oldrel-macos-arm64 1.0.0 37.00 OK
r-oldrel-macos-x86_64 1.0.0 56.00 OK
r-oldrel-windows-x86_64 1.0.0 14.00 174.00 188.00 OK

Check Details

Version: 1.0.0
Check: CRAN incoming feasibility
Result: NOTE Maintainer: ‘David J. Marchette <dmarchette@gmail.com>’ No Authors@R field in DESCRIPTION. Please add one, modifying Authors@R: person(given = c("David", "J."), family = "Marchette", role = c("aut", "cre"), email = "dmarchette@gmail.com") as necessary. Flavors: r-devel-linux-x86_64-debian-clang, r-devel-linux-x86_64-debian-gcc

These binaries (installable software) and packages are in development.
They may not be fully stable and should be used with caution. We make no claims about them.