Last updated on 2025-10-23 21:51:29 CEST.
Flavor | Version | Tinstall | Tcheck | Ttotal | Status | Flags |
---|---|---|---|---|---|---|
r-devel-linux-x86_64-debian-clang | 4.0.3 | 19.59 | 43.43 | 63.02 | NOTE | |
r-devel-linux-x86_64-debian-gcc | 4.0.3 | 13.74 | 33.89 | 47.63 | NOTE | |
r-devel-linux-x86_64-fedora-clang | 4.0.3 | 90.00 | 20.35 | 110.35 | OK | |
r-devel-linux-x86_64-fedora-gcc | 4.0.3 | 28.00 | 80.73 | 108.73 | OK | |
r-devel-windows-x86_64 | 4.0.3 | 22.00 | 82.00 | 104.00 | OK | |
r-patched-linux-x86_64 | 4.0.3 | 19.16 | 41.06 | 60.22 | OK | |
r-release-linux-x86_64 | 4.0.3 | 19.58 | 41.18 | 60.76 | OK | |
r-release-macos-arm64 | 4.0.3 | 8.00 | 32.00 | 40.00 | OK | |
r-release-macos-x86_64 | 4.0.3 | 15.00 | 65.00 | 80.00 | OK | |
r-release-windows-x86_64 | 4.0.3 | 24.00 | 84.00 | 108.00 | OK | |
r-oldrel-macos-arm64 | 4.0.3 | 10.00 | 45.00 | 55.00 | OK | |
r-oldrel-macos-x86_64 | 4.0.3 | 24.00 | 119.00 | 143.00 | OK | |
r-oldrel-windows-x86_64 | 4.0.3 | 27.00 | 107.00 | 134.00 | OK |
Version: 4.0.3
Check: CRAN incoming feasibility
Result: NOTE
Maintainer: ‘Stéphane Laurent <laurent_step@outlook.fr>’
No Authors@R field in DESCRIPTION.
Please add one, modifying
Authors@R: person(given = "Stéphane",
family = "Laurent",
role = c("aut", "cre"),
email = "laurent_step@outlook.fr")
as necessary.
Flavors: r-devel-linux-x86_64-debian-clang, r-devel-linux-x86_64-debian-gcc
These binaries (installable software) and packages are in development.
They may not be fully stable and should be used with caution. We make no claims about them.