Last updated on 2025-11-13 21:49:59 CET.
| Flavor | Version | Tinstall | Tcheck | Ttotal | Status | Flags |
|---|---|---|---|---|---|---|
| r-devel-linux-x86_64-debian-clang | 4.0.3 | 18.87 | 43.54 | 62.41 | NOTE | |
| r-devel-linux-x86_64-debian-gcc | 4.0.3 | 13.92 | 34.28 | 48.20 | NOTE | |
| r-devel-linux-x86_64-fedora-clang | 4.0.3 | 61.00 | 44.60 | 105.60 | OK | |
| r-devel-linux-x86_64-fedora-gcc | 4.0.3 | 51.00 | 63.31 | 114.31 | OK | |
| r-devel-windows-x86_64 | 4.0.3 | 25.00 | 84.00 | 109.00 | OK | |
| r-patched-linux-x86_64 | 4.0.3 | 19.38 | 40.78 | 60.16 | OK | |
| r-release-linux-x86_64 | 4.0.3 | 19.92 | 41.05 | 60.97 | OK | |
| r-release-macos-arm64 | 4.0.3 | 8.00 | 32.00 | 40.00 | OK | |
| r-release-macos-x86_64 | 4.0.3 | 15.00 | 65.00 | 80.00 | OK | |
| r-release-windows-x86_64 | 4.0.3 | 22.00 | 79.00 | 101.00 | OK | |
| r-oldrel-macos-arm64 | 4.0.3 | 10.00 | 45.00 | 55.00 | OK | |
| r-oldrel-macos-x86_64 | 4.0.3 | 24.00 | 119.00 | 143.00 | OK | |
| r-oldrel-windows-x86_64 | 4.0.3 | 27.00 | 104.00 | 131.00 | OK |
Version: 4.0.3
Check: CRAN incoming feasibility
Result: NOTE
Maintainer: ‘Stéphane Laurent <laurent_step@outlook.fr>’
No Authors@R field in DESCRIPTION.
Please add one, modifying
Authors@R: person(given = "Stéphane",
family = "Laurent",
role = c("aut", "cre"),
email = "laurent_step@outlook.fr")
as necessary.
Flavors: r-devel-linux-x86_64-debian-clang, r-devel-linux-x86_64-debian-gcc
These binaries (installable software) and packages are in development.
They may not be fully stable and should be used with caution. We make no claims about them.