CRAN Package Check Results for Package IASD

Last updated on 2025-11-11 15:50:36 CET.

Flavor Version Tinstall Tcheck Ttotal Status Flags
r-devel-linux-x86_64-debian-clang 1.1.1 2.24 23.66 25.90 NOTE
r-devel-linux-x86_64-debian-gcc 1.1.1 1.65 19.15 20.80 NOTE
r-devel-linux-x86_64-fedora-clang 1.1.1 41.20 OK
r-devel-linux-x86_64-fedora-gcc 1.1.1 36.24 OK
r-devel-windows-x86_64 1.1.1 4.00 41.00 45.00 OK
r-patched-linux-x86_64 1.1.1 2.35 22.85 25.20 OK
r-release-linux-x86_64 1.1.1 1.98 22.73 24.71 OK
r-release-macos-arm64 1.1.1 1.00 15.00 16.00 OK
r-release-macos-x86_64 1.1.1 2.00 25.00 27.00 OK
r-release-windows-x86_64 1.1.1 3.00 40.00 43.00 OK
r-oldrel-macos-arm64 1.1.1 1.00 16.00 17.00 OK
r-oldrel-macos-x86_64 1.1.1 2.00 21.00 23.00 OK
r-oldrel-windows-x86_64 1.1.1 3.00 41.00 44.00 OK

Check Details

Version: 1.1.1
Check: CRAN incoming feasibility
Result: NOTE Maintainer: ‘Satoshi Takahashi <takahasi@lisboa.ics.nara-wu.ac.jp>’ No Authors@R field in DESCRIPTION. Please add one, modifying Authors@R: person(given = "Satoshi", family = "Takahashi", role = c("aut", "cre"), email = "takahasi@lisboa.ics.nara-wu.ac.jp") as necessary. Flavors: r-devel-linux-x86_64-debian-clang, r-devel-linux-x86_64-debian-gcc

These binaries (installable software) and packages are in development.
They may not be fully stable and should be used with caution. We make no claims about them.