Last updated on 2024-07-27 15:50:20 CEST.
Flavor | Version | Tinstall | Tcheck | Ttotal | Status | Flags |
---|---|---|---|---|---|---|
r-devel-linux-x86_64-debian-clang | 0.3 | 5.76 | 50.55 | 56.31 | NOTE | |
r-devel-linux-x86_64-debian-gcc | 0.3 | NOTE | ||||
r-devel-linux-x86_64-fedora-clang | 0.3 | 74.55 | NOTE | |||
r-devel-linux-x86_64-fedora-gcc | 0.3 | 65.31 | NOTE | |||
r-devel-windows-x86_64 | 0.3 | 7.00 | 62.00 | 69.00 | NOTE | |
r-patched-linux-x86_64 | 0.3 | NOTE | ||||
r-release-linux-x86_64 | 0.3 | 4.72 | 47.47 | 52.19 | NOTE | |
r-release-macos-arm64 | 0.3 | 25.00 | NOTE | |||
r-release-macos-x86_64 | 0.3 | 46.00 | NOTE | |||
r-release-windows-x86_64 | 0.3 | 6.00 | 63.00 | 69.00 | NOTE | |
r-oldrel-macos-arm64 | 0.3 | 26.00 | OK | |||
r-oldrel-macos-x86_64 | 0.3 | 38.00 | OK | |||
r-oldrel-windows-x86_64 | 0.3 | 8.00 | 68.00 | 76.00 | OK |
Version: 0.3
Check: Rd files
Result: NOTE
checkRd: (-1) IATData.Rd:24: Lost braces; missing escapes or markup?
24 | Dan Martin {dpmartin42@gmail.com}
| ^
Flavors: r-devel-linux-x86_64-debian-clang, r-devel-linux-x86_64-debian-gcc, r-devel-linux-x86_64-fedora-clang, r-devel-linux-x86_64-fedora-gcc, r-devel-windows-x86_64, r-patched-linux-x86_64, r-release-linux-x86_64, r-release-macos-arm64, r-release-macos-x86_64, r-release-windows-x86_64
These binaries (installable software) and packages are in development.
They may not be fully stable and should be used with caution. We make no claims about them.