CRAN Package Check Results for Package IAT

Last updated on 2025-02-21 18:52:12 CET.

Flavor Version Tinstall Tcheck Ttotal Status Flags
r-devel-linux-x86_64-debian-clang 0.3 4.65 40.08 44.73 NOTE
r-devel-linux-x86_64-debian-gcc 0.3 3.34 29.03 32.37 NOTE
r-devel-linux-x86_64-fedora-clang 0.3 73.03 NOTE
r-devel-linux-x86_64-fedora-gcc 0.3 65.37 NOTE
r-devel-macos-arm64 0.3 25.00 NOTE
r-devel-macos-x86_64 0.3 56.00 NOTE
r-devel-windows-x86_64 0.3 6.00 68.00 74.00 NOTE
r-patched-linux-x86_64 0.3 3.75 36.96 40.71 NOTE
r-release-linux-x86_64 0.3 4.13 36.54 40.67 NOTE
r-release-macos-arm64 0.3 25.00 NOTE
r-release-macos-x86_64 0.3 46.00 NOTE
r-release-windows-x86_64 0.3 6.00 61.00 67.00 NOTE
r-oldrel-macos-arm64 0.3 26.00 OK
r-oldrel-macos-x86_64 0.3 38.00 OK
r-oldrel-windows-x86_64 0.3 9.00 77.00 86.00 OK

Check Details

Version: 0.3
Check: Rd files
Result: NOTE checkRd: (-1) IATData.Rd:24: Lost braces; missing escapes or markup? 24 | Dan Martin {dpmartin42@gmail.com} | ^ Flavors: r-devel-linux-x86_64-debian-clang, r-devel-linux-x86_64-debian-gcc, r-devel-linux-x86_64-fedora-clang, r-devel-linux-x86_64-fedora-gcc, r-devel-macos-arm64, r-devel-macos-x86_64, r-devel-windows-x86_64, r-patched-linux-x86_64, r-release-linux-x86_64, r-release-macos-arm64, r-release-macos-x86_64, r-release-windows-x86_64

These binaries (installable software) and packages are in development.
They may not be fully stable and should be used with caution. We make no claims about them.