CRAN Package Check Results for Package IAcsSPCR

Last updated on 2025-10-03 13:49:37 CEST.

Flavor Version Tinstall Tcheck Ttotal Status Flags
r-devel-linux-x86_64-debian-clang 1.2.1 4.12 35.86 39.98 NOTE
r-devel-linux-x86_64-debian-gcc 1.2.1 3.28 28.37 31.65 NOTE
r-devel-linux-x86_64-fedora-clang 1.2.1 58.77 OK
r-devel-linux-x86_64-fedora-gcc 1.2.1 56.26 OK
r-devel-windows-x86_64 1.2.1 7.00 56.00 63.00 OK
r-patched-linux-x86_64 1.2.1 4.17 33.37 37.54 OK
r-release-linux-x86_64 1.2.1 3.97 33.91 37.88 OK
r-release-macos-arm64 1.2.1 23.00 OK
r-release-macos-x86_64 1.2.1 33.00 OK
r-release-windows-x86_64 1.2.1 6.00 56.00 62.00 OK
r-oldrel-macos-arm64 1.2.1 22.00 OK
r-oldrel-macos-x86_64 1.2.1 30.00 OK
r-oldrel-windows-x86_64 1.2.1 8.00 63.00 71.00 OK

Check Details

Version: 1.2.1
Check: CRAN incoming feasibility
Result: NOTE Maintainer: ‘John Lawson <lawsonjsl7net@gmail.com>’ No Authors@R field in DESCRIPTION. Please add one, modifying Authors@R: person(given = "John", family = "Lawson", role = c("aut", "cre"), email = "lawsonjsl7net@gmail.com") as necessary. Flavors: r-devel-linux-x86_64-debian-clang, r-devel-linux-x86_64-debian-gcc

These binaries (installable software) and packages are in development.
They may not be fully stable and should be used with caution. We make no claims about them.