Last updated on 2025-11-13 03:51:05 CET.
| Flavor | Version | Tinstall | Tcheck | Ttotal | Status | Flags |
|---|---|---|---|---|---|---|
| r-devel-linux-x86_64-debian-clang | 1.6-0 | 4.50 | 119.50 | 124.00 | NOTE | |
| r-devel-linux-x86_64-debian-gcc | 1.6-0 | 2.72 | 71.21 | 73.93 | NOTE | |
| r-devel-linux-x86_64-fedora-clang | 1.6-0 | 21.00 | 187.86 | 208.86 | OK | |
| r-devel-linux-x86_64-fedora-gcc | 1.6-0 | 185.54 | OK | |||
| r-devel-windows-x86_64 | 1.6-0 | 8.00 | 117.00 | 125.00 | OK | |
| r-patched-linux-x86_64 | 1.6-0 | 4.49 | 110.66 | 115.15 | OK | |
| r-release-linux-x86_64 | 1.6-0 | 3.37 | 111.24 | 114.61 | OK | |
| r-release-macos-arm64 | 1.6-0 | 2.00 | 46.00 | 48.00 | OK | |
| r-release-macos-x86_64 | 1.6-0 | 4.00 | 102.00 | 106.00 | OK | |
| r-release-windows-x86_64 | 1.6-0 | 6.00 | 114.00 | 120.00 | OK | |
| r-oldrel-macos-arm64 | 1.6-0 | 2.00 | 49.00 | 51.00 | OK | |
| r-oldrel-macos-x86_64 | 1.6-0 | 3.00 | 77.00 | 80.00 | OK | |
| r-oldrel-windows-x86_64 | 1.6-0 | 8.00 | 159.00 | 167.00 | OK |
Version: 1.6-0
Check: CRAN incoming feasibility
Result: NOTE
Maintainer: ‘Francisco Javier Luna-Vazquez <frahik@gmail.com>’
The BugReports field in DESCRIPTION has
https://github.com/frahik/IBCF.MTME/issues/new
which should likely be
https://github.com/frahik/IBCF.MTME/issues/new/issues
instead.
Flavors: r-devel-linux-x86_64-debian-clang, r-devel-linux-x86_64-debian-gcc
These binaries (installable software) and packages are in development.
They may not be fully stable and should be used with caution. We make no claims about them.