Last updated on 2025-05-01 17:56:05 CEST.
Flavor | Version | Tinstall | Tcheck | Ttotal | Status | Flags |
---|---|---|---|---|---|---|
r-devel-linux-x86_64-debian-clang | 1.6-0 | 4.52 | 116.98 | 121.50 | NOTE | |
r-devel-linux-x86_64-debian-gcc | 1.6-0 | 3.44 | 69.85 | 73.29 | NOTE | |
r-devel-linux-x86_64-fedora-clang | 1.6-0 | 192.95 | OK | |||
r-devel-linux-x86_64-fedora-gcc | 1.6-0 | 178.56 | OK | |||
r-devel-windows-x86_64 | 1.6-0 | 6.00 | 118.00 | 124.00 | OK | |
r-patched-linux-x86_64 | 1.6-0 | 4.45 | 109.03 | 113.48 | OK | |
r-release-linux-x86_64 | OK | |||||
r-release-macos-arm64 | 1.6-0 | 48.00 | OK | |||
r-release-macos-x86_64 | 1.6-0 | 106.00 | OK | |||
r-release-windows-x86_64 | 1.6-0 | 6.00 | 118.00 | 124.00 | OK | |
r-oldrel-macos-arm64 | 1.6-0 | 51.00 | OK | |||
r-oldrel-macos-x86_64 | 1.6-0 | 80.00 | OK | |||
r-oldrel-windows-x86_64 | 1.6-0 | 8.00 | 158.00 | 166.00 | OK |
Version: 1.6-0
Check: CRAN incoming feasibility
Result: NOTE
Maintainer: ‘Francisco Javier Luna-Vazquez <frahik@gmail.com>’
The BugReports field in DESCRIPTION has
https://github.com/frahik/IBCF.MTME/issues/new
which should likely be
https://github.com/frahik/IBCF.MTME/issues/new/issues
instead.
Flavors: r-devel-linux-x86_64-debian-clang, r-devel-linux-x86_64-debian-gcc
These binaries (installable software) and packages are in development.
They may not be fully stable and should be used with caution. We make no claims about them.