Last updated on 2025-10-03 17:48:36 CEST.
Flavor | Version | Tinstall | Tcheck | Ttotal | Status | Flags |
---|---|---|---|---|---|---|
r-devel-linux-x86_64-debian-clang | 0.0.1 | 4.73 | 37.09 | 41.82 | NOTE | |
r-devel-linux-x86_64-debian-gcc | 0.0.1 | 3.01 | 27.32 | 30.33 | NOTE | |
r-devel-linux-x86_64-fedora-clang | 0.0.1 | 61.49 | OK | |||
r-devel-linux-x86_64-fedora-gcc | 0.0.1 | 58.43 | OK | |||
r-devel-windows-x86_64 | 0.0.1 | 6.00 | 57.00 | 63.00 | OK | |
r-patched-linux-x86_64 | 0.0.1 | 2.93 | 35.22 | 38.15 | OK | |
r-release-linux-x86_64 | 0.0.1 | 3.91 | 34.66 | 38.57 | OK | |
r-release-macos-arm64 | 0.0.1 | 22.00 | OK | |||
r-release-macos-x86_64 | 0.0.1 | 39.00 | OK | |||
r-release-windows-x86_64 | 0.0.1 | 5.00 | 59.00 | 64.00 | OK | |
r-oldrel-macos-arm64 | 0.0.1 | 28.00 | OK | |||
r-oldrel-macos-x86_64 | 0.0.1 | 43.00 | OK | |||
r-oldrel-windows-x86_64 | 0.0.1 | 8.00 | 65.00 | 73.00 | OK |
Version: 0.0.1
Check: CRAN incoming feasibility
Result: NOTE
Maintainer: ‘Taehyeon Koo <tk587@stat.rutgers.edu>’
The Description field contains
(2024) <arXiv:2405.19312>, it includes block-level estimators and
Please refer to arXiv e-prints via their arXiv DOI <doi:10.48550/arXiv.YYMM.NNNNN>.
Flavors: r-devel-linux-x86_64-debian-clang, r-devel-linux-x86_64-debian-gcc
These binaries (installable software) and packages are in development.
They may not be fully stable and should be used with caution. We make no claims about them.