Last updated on 2025-07-17 01:49:49 CEST.
Flavor | Version | Tinstall | Tcheck | Ttotal | Status | Flags |
---|---|---|---|---|---|---|
r-devel-linux-x86_64-debian-clang | 1.1.0 | 18.25 | 99.27 | 117.52 | OK | |
r-devel-linux-x86_64-debian-gcc | 1.1.0 | 13.26 | 73.91 | 87.17 | OK | |
r-devel-linux-x86_64-fedora-clang | 1.1.0 | 180.46 | OK | |||
r-devel-linux-x86_64-fedora-gcc | 1.1.0 | 190.59 | OK | |||
r-devel-windows-x86_64 | 1.1.0 | 22.00 | 187.00 | 209.00 | OK | |
r-patched-linux-x86_64 | 1.1.0 | 20.11 | 94.70 | 114.81 | OK | |
r-release-linux-x86_64 | 1.1.0 | 17.66 | 94.12 | 111.78 | OK | |
r-release-macos-arm64 | 1.1.0 | 72.00 | OK | |||
r-release-macos-x86_64 | 1.1.0 | 133.00 | OK | |||
r-release-windows-x86_64 | 1.1.0 | 23.00 | 190.00 | 213.00 | OK | |
r-oldrel-macos-arm64 | 1.1.0 | 83.00 | NOTE | |||
r-oldrel-macos-x86_64 | 1.1.0 | 118.00 | NOTE | |||
r-oldrel-windows-x86_64 | 1.1.0 | 28.00 | 213.00 | 241.00 | OK |
Version: 1.1.0
Check: installed package size
Result: NOTE
installed size is 5.2Mb
sub-directories of 1Mb or more:
data 2.1Mb
doc 1.7Mb
libs 1.0Mb
Flavors: r-oldrel-macos-arm64, r-oldrel-macos-x86_64
These binaries (installable software) and packages are in development.
They may not be fully stable and should be used with caution. We make no claims about them.