CRAN Package Check Results for Package IBrokers

Last updated on 2025-10-03 03:50:43 CEST.

Flavor Version Tinstall Tcheck Ttotal Status Flags
r-devel-linux-x86_64-debian-clang 0.10-2 6.49 55.68 62.17 NOTE
r-devel-linux-x86_64-debian-gcc 0.10-2 4.07 40.93 45.00 NOTE
r-devel-linux-x86_64-fedora-clang 0.10-2 89.29 NOTE
r-devel-linux-x86_64-fedora-gcc 0.10-2 98.58 NOTE
r-devel-windows-x86_64 0.10-2 7.00 106.00 113.00 NOTE
r-patched-linux-x86_64 0.10-2 6.73 53.39 60.12 NOTE
r-release-linux-x86_64 0.10-2 5.70 53.35 59.05 NOTE
r-release-macos-arm64 0.10-2 51.00 NOTE
r-release-macos-x86_64 0.10-2 72.00 NOTE
r-release-windows-x86_64 0.10-2 7.00 106.00 113.00 NOTE
r-oldrel-macos-arm64 0.10-2 38.00 NOTE
r-oldrel-macos-x86_64 0.10-2 56.00 NOTE
r-oldrel-windows-x86_64 0.10-2 10.00 157.00 167.00 NOTE

Check Details

Version: 0.10-2
Check: Rd files
Result: NOTE checkRd: (-1) setServerLogLevel.Rd:20: Lost braces in \enumerate; meant \describe ? checkRd: (-1) setServerLogLevel.Rd:21: Lost braces in \enumerate; meant \describe ? checkRd: (-1) setServerLogLevel.Rd:22: Lost braces in \enumerate; meant \describe ? checkRd: (-1) setServerLogLevel.Rd:23: Lost braces in \enumerate; meant \describe ? checkRd: (-1) setServerLogLevel.Rd:24: Lost braces in \enumerate; meant \describe ? Flavors: r-devel-linux-x86_64-debian-clang, r-devel-linux-x86_64-debian-gcc, r-devel-linux-x86_64-fedora-clang, r-devel-linux-x86_64-fedora-gcc, r-devel-windows-x86_64, r-patched-linux-x86_64, r-release-linux-x86_64, r-release-macos-arm64, r-release-macos-x86_64, r-release-windows-x86_64, r-oldrel-macos-arm64, r-oldrel-macos-x86_64, r-oldrel-windows-x86_64

These binaries (installable software) and packages are in development.
They may not be fully stable and should be used with caution. We make no claims about them.