Last updated on 2025-05-01 22:49:44 CEST.
Flavor | Version | Tinstall | Tcheck | Ttotal | Status | Flags |
---|---|---|---|---|---|---|
r-devel-linux-x86_64-debian-clang | 2.4.0 | 2.29 | 19.14 | 21.43 | NOTE | |
r-devel-linux-x86_64-debian-gcc | 2.4.0 | 1.63 | 15.23 | 16.86 | NOTE | |
r-devel-linux-x86_64-fedora-clang | 2.4.0 | 32.97 | OK | |||
r-devel-linux-x86_64-fedora-gcc | 2.4.0 | 31.75 | OK | |||
r-devel-windows-x86_64 | 2.4.0 | 3.00 | 36.00 | 39.00 | OK | |
r-patched-linux-x86_64 | 2.4.0 | 2.02 | 18.03 | 20.05 | OK | |
r-release-linux-x86_64 | OK | |||||
r-release-macos-arm64 | 2.4.0 | 16.00 | OK | |||
r-release-macos-x86_64 | 2.4.0 | 23.00 | OK | |||
r-release-windows-x86_64 | 2.4.0 | 3.00 | 36.00 | 39.00 | OK | |
r-oldrel-macos-arm64 | 2.4.0 | 20.00 | OK | |||
r-oldrel-macos-x86_64 | 2.4.0 | 29.00 | OK | |||
r-oldrel-windows-x86_64 | 2.4.0 | 3.00 | 36.00 | 39.00 | OK |
Version: 2.4.0
Check: CRAN incoming feasibility
Result: NOTE
Maintainer: ‘Matthew Wolak <matthewwolak@gmail.com>’
Package CITATION file contains call(s) to old-style personList() or
as.personList(). Please use c() on person objects instead.
Package CITATION file contains call(s) to old-style citEntry(). Please
use bibentry() instead.
Flavors: r-devel-linux-x86_64-debian-clang, r-devel-linux-x86_64-debian-gcc
These binaries (installable software) and packages are in development.
They may not be fully stable and should be used with caution. We make no claims about them.