CRAN Package Check Results for Package ICCbin

Last updated on 2025-10-24 03:50:33 CEST.

Flavor Version Tinstall Tcheck Ttotal Status Flags
r-devel-linux-x86_64-debian-clang 1.1.1 2.82 29.81 32.63 OK
r-devel-linux-x86_64-debian-gcc 1.1.1 1.88 22.11 23.99 OK
r-devel-linux-x86_64-fedora-clang 1.1.1 47.43 OK
r-devel-linux-x86_64-fedora-gcc 1.1.1 46.05 OK
r-devel-windows-x86_64 1.1.1 3.00 43.00 46.00 OK
r-patched-linux-x86_64 1.1.1 2.34 27.81 30.15 OK
r-release-linux-x86_64 1.1.1 2.75 27.37 30.12 OK
r-release-macos-arm64 1.1.1 2.00 15.00 17.00 OK
r-release-macos-x86_64 1.1.1 2.00 29.00 31.00 OK
r-release-windows-x86_64 1.1.1 5.00 46.00 51.00 OK
r-oldrel-macos-arm64 1.1.1 1.00 16.00 17.00 NOTE
r-oldrel-macos-x86_64 1.1.1 2.00 22.00 24.00 NOTE
r-oldrel-windows-x86_64 1.1.1 4.00 52.00 56.00 NOTE

Check Details

Version: 1.1.1
Check: LazyData
Result: NOTE 'LazyData' is specified without a 'data' directory Flavors: r-oldrel-macos-arm64, r-oldrel-macos-x86_64, r-oldrel-windows-x86_64

These binaries (installable software) and packages are in development.
They may not be fully stable and should be used with caution. We make no claims about them.