Last updated on 2025-02-16 12:53:38 CET.
Flavor | Version | Tinstall | Tcheck | Ttotal | Status | Flags |
---|---|---|---|---|---|---|
r-devel-linux-x86_64-debian-clang | 1.2.5 | 44.30 | 160.52 | 204.82 | NOTE | |
r-devel-linux-x86_64-debian-gcc | 1.2.5 | 31.01 | 107.53 | 138.54 | NOTE | |
r-devel-linux-x86_64-fedora-clang | 1.2.5 | 336.22 | NOTE | |||
r-devel-linux-x86_64-fedora-gcc | 1.2.5 | 337.44 | NOTE | |||
r-devel-macos-arm64 | 1.2.5 | 117.00 | OK | |||
r-devel-macos-x86_64 | 1.2.5 | 218.00 | NOTE | |||
r-devel-windows-x86_64 | 1.2.5 | 44.00 | 157.00 | 201.00 | NOTE | |
r-patched-linux-x86_64 | 1.2.5 | 42.28 | 151.02 | 193.30 | OK | |
r-release-linux-x86_64 | 1.2.5 | 45.56 | 152.76 | 198.32 | OK | |
r-release-macos-arm64 | 1.2.5 | 108.00 | OK | |||
r-release-macos-x86_64 | 1.2.5 | 152.00 | OK | |||
r-release-windows-x86_64 | 1.2.5 | 44.00 | 163.00 | 207.00 | OK | |
r-oldrel-macos-arm64 | 1.2.5 | 116.00 | OK | |||
r-oldrel-macos-x86_64 | 1.2.5 | 174.00 | OK | |||
r-oldrel-windows-x86_64 | 1.2.5 | 54.00 | 192.00 | 246.00 | OK |
Version: 1.2.5
Check: DESCRIPTION meta-information
Result: NOTE
Missing dependency on R >= 4.1.0 because package code uses the pipe
|> or function shorthand \(...) syntax added in R 4.1.0.
File(s) using such syntax:
‘icd_lookup.R’
Flavors: r-devel-linux-x86_64-debian-clang, r-devel-linux-x86_64-debian-gcc, r-devel-linux-x86_64-fedora-clang, r-devel-linux-x86_64-fedora-gcc, r-devel-macos-x86_64, r-devel-windows-x86_64
These binaries (installable software) and packages are in development.
They may not be fully stable and should be used with caution. We make no claims about them.