Last updated on 2025-02-02 14:48:24 CET.
Flavor | Version | Tinstall | Tcheck | Ttotal | Status | Flags |
---|---|---|---|---|---|---|
r-devel-linux-x86_64-debian-clang | 0.0.1 | 3.84 | 42.19 | 46.03 | OK | |
r-devel-linux-x86_64-debian-gcc | 0.0.1 | 3.26 | 30.68 | 33.94 | OK | |
r-devel-linux-x86_64-fedora-clang | 0.0.1 | 77.53 | NOTE | |||
r-devel-linux-x86_64-fedora-gcc | 0.0.1 | 82.91 | NOTE | |||
r-devel-windows-x86_64 | 0.0.1 | 6.00 | 73.00 | 79.00 | OK | |
r-patched-linux-x86_64 | 0.0.1 | 3.69 | 45.74 | 49.43 | OK | |
r-release-linux-x86_64 | 0.0.1 | 3.41 | 46.60 | 50.01 | OK | |
r-release-macos-arm64 | 0.0.1 | 27.00 | OK | |||
r-release-macos-x86_64 | 0.0.1 | 46.00 | OK | |||
r-release-windows-x86_64 | 0.0.1 | 6.00 | 66.00 | 72.00 | OK | |
r-oldrel-macos-arm64 | 0.0.1 | 30.00 | OK | |||
r-oldrel-macos-x86_64 | 0.0.1 | 42.00 | OK | |||
r-oldrel-windows-x86_64 | 0.0.1 | 6.00 | 75.00 | 81.00 | OK |
Version: 0.0.1
Check: dependencies in R code
Result: NOTE
Namespace in Imports field not imported from: ‘knitr’
All declared Imports should be used.
Flavors: r-devel-linux-x86_64-fedora-clang, r-devel-linux-x86_64-fedora-gcc
These binaries (installable software) and packages are in development.
They may not be fully stable and should be used with caution. We make no claims about them.