Last updated on 2025-02-16 10:50:48 CET.
Flavor | Version | Tinstall | Tcheck | Ttotal | Status | Flags |
---|---|---|---|---|---|---|
r-devel-linux-x86_64-debian-clang | 1.3 | 3.00 | 50.68 | 53.68 | NOTE | |
r-devel-linux-x86_64-debian-gcc | 1.3 | 2.20 | 36.35 | 38.55 | NOTE | |
r-devel-linux-x86_64-fedora-clang | 1.3 | 88.37 | NOTE | |||
r-devel-linux-x86_64-fedora-gcc | 1.3 | 81.73 | NOTE | |||
r-devel-macos-arm64 | 1.3 | 27.00 | NOTE | |||
r-devel-macos-x86_64 | 1.3 | 52.00 | NOTE | |||
r-devel-windows-x86_64 | 1.3 | 4.00 | 72.00 | 76.00 | NOTE | |
r-patched-linux-x86_64 | 1.3 | 3.47 | 47.85 | 51.32 | NOTE | |
r-release-linux-x86_64 | 1.3 | 2.79 | 48.59 | 51.38 | NOTE | |
r-release-macos-arm64 | 1.3 | 28.00 | NOTE | |||
r-release-macos-x86_64 | 1.3 | 43.00 | NOTE | |||
r-release-windows-x86_64 | 1.3 | 5.00 | 72.00 | 77.00 | NOTE | |
r-oldrel-macos-arm64 | 1.3 | 29.00 | NOTE | |||
r-oldrel-macos-x86_64 | 1.3 | 45.00 | NOTE | |||
r-oldrel-windows-x86_64 | 1.3 | 4.00 | 79.00 | 83.00 | NOTE |
Version: 1.3
Check: Rd files
Result: NOTE
checkRd: (-1) ICEscale.Rd:53: Escaped LaTeX specials: \^
checkRd: (-1) dpwdg.Rd:14: Escaped LaTeX specials: \$
checkRd: (-1) dpwdg.Rd:15: Escaped LaTeX specials: \$
Flavors: r-devel-linux-x86_64-debian-clang, r-devel-linux-x86_64-debian-gcc, r-devel-linux-x86_64-fedora-clang, r-devel-linux-x86_64-fedora-gcc, r-devel-macos-arm64, r-devel-macos-x86_64, r-devel-windows-x86_64, r-patched-linux-x86_64, r-release-linux-x86_64, r-release-macos-arm64, r-release-macos-x86_64, r-release-windows-x86_64, r-oldrel-macos-arm64, r-oldrel-macos-x86_64, r-oldrel-windows-x86_64
These binaries (installable software) and packages are in development.
They may not be fully stable and should be used with caution. We make no claims about them.