Last updated on 2025-05-01 14:49:12 CEST.
Flavor | Version | Tinstall | Tcheck | Ttotal | Status | Flags |
---|---|---|---|---|---|---|
r-devel-linux-x86_64-debian-clang | 1.1 | 3.46 | 30.68 | 34.14 | NOTE | |
r-devel-linux-x86_64-debian-gcc | 1.1 | 2.83 | 23.30 | 26.13 | NOTE | |
r-devel-linux-x86_64-fedora-clang | 1.1 | 53.72 | OK | |||
r-devel-linux-x86_64-fedora-gcc | 1.1 | 51.38 | OK | |||
r-devel-windows-x86_64 | 1.1 | 5.00 | 56.00 | 61.00 | OK | |
r-patched-linux-x86_64 | 1.1 | 3.97 | 28.93 | 32.90 | OK | |
r-release-linux-x86_64 | OK | |||||
r-release-macos-arm64 | 1.1 | 19.00 | OK | |||
r-release-macos-x86_64 | 1.1 | 37.00 | OK | |||
r-release-windows-x86_64 | 1.1 | 4.00 | 56.00 | 60.00 | OK | |
r-oldrel-macos-arm64 | 1.1 | 18.00 | OK | |||
r-oldrel-macos-x86_64 | 1.1 | 31.00 | OK | |||
r-oldrel-windows-x86_64 | 1.1 | 4.00 | 57.00 | 61.00 | OK |
Version: 1.1
Check: CRAN incoming feasibility
Result: NOTE
Maintainer: ‘Shannon T. Holloway <shannon.t.holloway@gmail.com>’
No Authors@R field in DESCRIPTION.
Please add one, modifying
Authors@R: c(person(given = c("Shannon", "T."),
family = "Holloway",
role = c("aut", "cre"),
email = "shannon.t.holloway@gmail.com"),
person(given = "Qingning",
family = "Zhou",
role = "aut"),
person(given = "Jianwen",
family = "Cai",
role = "aut"),
person(given = "Haibo",
family = "Zhou",
role = "aut"))
as necessary.
Flavors: r-devel-linux-x86_64-debian-clang, r-devel-linux-x86_64-debian-gcc
These binaries (installable software) and packages are in development.
They may not be fully stable and should be used with caution. We make no claims about them.