Last updated on 2024-07-27 15:50:20 CEST.
Flavor | Version | Tinstall | Tcheck | Ttotal | Status | Flags |
---|---|---|---|---|---|---|
r-devel-linux-x86_64-debian-clang | 0.1.0 | 45.41 | 194.38 | 239.79 | OK | |
r-devel-linux-x86_64-debian-gcc | 0.1.0 | NOTE | ||||
r-devel-linux-x86_64-fedora-clang | 0.1.0 | 338.81 | OK | |||
r-devel-linux-x86_64-fedora-gcc | 0.1.0 | 286.67 | OK | |||
r-devel-windows-x86_64 | 0.1.0 | 39.00 | 165.00 | 204.00 | NOTE | |
r-patched-linux-x86_64 | 0.1.0 | OK | ||||
r-release-linux-x86_64 | 0.1.0 | 32.36 | 190.65 | 223.01 | OK | |
r-release-macos-arm64 | 0.1.0 | 73.00 | OK | |||
r-release-macos-x86_64 | 0.1.0 | 111.00 | OK | |||
r-release-windows-x86_64 | 0.1.0 | 44.00 | 165.00 | 209.00 | OK | |
r-oldrel-macos-arm64 | 0.1.0 | 80.00 | OK | |||
r-oldrel-macos-x86_64 | 0.1.0 | 142.00 | OK | |||
r-oldrel-windows-x86_64 | 0.1.0 | 48.00 | 208.00 | 256.00 | OK |
Version: 0.1.0
Check: Rd cross-references
Result: NOTE
Found the following Rd file(s) with Rd \link{} targets missing package
anchors:
ICSClust.Rd: ICS-S3
component_plot.Rd: ICS-S3
normal_crit.Rd: jarque.test, anscombe.test, bonett.test,
agostino.test
Please provide package anchors for all Rd \link{} targets not in the
package itself and the base packages.
Flavors: r-devel-linux-x86_64-debian-gcc, r-devel-windows-x86_64
These binaries (installable software) and packages are in development.
They may not be fully stable and should be used with caution. We make no claims about them.