Last updated on 2025-02-16 12:53:38 CET.
Flavor | Version | Tinstall | Tcheck | Ttotal | Status | Flags |
---|---|---|---|---|---|---|
r-devel-linux-x86_64-debian-clang | 0.1.0 | 35.61 | 158.06 | 193.67 | NOTE | |
r-devel-linux-x86_64-debian-gcc | 0.1.0 | 24.77 | 111.88 | 136.65 | NOTE | |
r-devel-linux-x86_64-fedora-clang | 0.1.0 | 325.95 | OK | |||
r-devel-linux-x86_64-fedora-gcc | 0.1.0 | 301.35 | OK | |||
r-devel-macos-arm64 | 0.1.0 | 75.00 | OK | |||
r-devel-macos-x86_64 | 0.1.0 | 147.00 | OK | |||
r-devel-windows-x86_64 | 0.1.0 | 38.00 | 161.00 | 199.00 | NOTE | |
r-patched-linux-x86_64 | 0.1.0 | 41.01 | 144.92 | 185.93 | OK | |
r-release-linux-x86_64 | 0.1.0 | 32.82 | 142.39 | 175.21 | OK | |
r-release-macos-arm64 | 0.1.0 | 73.00 | OK | |||
r-release-macos-x86_64 | 0.1.0 | 111.00 | OK | |||
r-release-windows-x86_64 | 0.1.0 | 40.00 | 163.00 | 203.00 | OK | |
r-oldrel-macos-arm64 | 0.1.0 | 80.00 | OK | |||
r-oldrel-macos-x86_64 | 0.1.0 | 142.00 | OK | |||
r-oldrel-windows-x86_64 | 0.1.0 | 46.00 | 220.00 | 266.00 | OK |
Version: 0.1.0
Check: Rd cross-references
Result: NOTE
Found the following Rd file(s) with Rd \link{} targets missing package
anchors:
ICSClust.Rd: ICS-S3
component_plot.Rd: ICS-S3
normal_crit.Rd: jarque.test, anscombe.test, bonett.test,
agostino.test
Please provide package anchors for all Rd \link{} targets not in the
package itself and the base packages.
Flavors: r-devel-linux-x86_64-debian-clang, r-devel-linux-x86_64-debian-gcc, r-devel-windows-x86_64
These binaries (installable software) and packages are in development.
They may not be fully stable and should be used with caution. We make no claims about them.