Last updated on 2025-02-16 10:50:48 CET.
Flavor | Version | Tinstall | Tcheck | Ttotal | Status | Flags |
---|---|---|---|---|---|---|
r-devel-linux-x86_64-debian-clang | 0.4-0 | 7.83 | 122.99 | 130.82 | NOTE | |
r-devel-linux-x86_64-debian-gcc | 0.4-0 | 6.55 | 92.98 | 99.53 | NOTE | |
r-devel-linux-x86_64-fedora-clang | 0.4-0 | 216.07 | OK | |||
r-devel-linux-x86_64-fedora-gcc | 0.4-0 | 205.04 | OK | |||
r-devel-macos-arm64 | 0.4-0 | 79.00 | OK | |||
r-devel-macos-x86_64 | 0.4-0 | 180.00 | OK | |||
r-devel-windows-x86_64 | 0.4-0 | 10.00 | 181.00 | 191.00 | NOTE | |
r-patched-linux-x86_64 | 0.4-0 | 12.50 | 121.08 | 133.58 | OK | |
r-release-linux-x86_64 | 0.4-0 | 9.36 | 121.01 | 130.37 | OK | |
r-release-macos-arm64 | 0.4-0 | 80.00 | OK | |||
r-release-macos-x86_64 | 0.4-0 | 132.00 | OK | |||
r-release-windows-x86_64 | 0.4-0 | 9.00 | 173.00 | 182.00 | OK | |
r-oldrel-macos-arm64 | 0.4-0 | 98.00 | OK | |||
r-oldrel-macos-x86_64 | 0.4-0 | 166.00 | OK | |||
r-oldrel-windows-x86_64 | 0.4-0 | 13.00 | 207.00 | 220.00 | OK |
Version: 0.4-0
Check: Rd cross-references
Result: NOTE
Found the following Rd file(s) with Rd \link{} targets missing package
anchors:
ics.distances.Rd: ics2
icsOut-class.Rd: plot.ics
Please provide package anchors for all Rd \link{} targets not in the
package itself and the base packages.
Flavors: r-devel-linux-x86_64-debian-clang, r-devel-linux-x86_64-debian-gcc, r-devel-windows-x86_64
These binaries (installable software) and packages are in development.
They may not be fully stable and should be used with caution. We make no claims about them.