Last updated on 2025-02-16 10:50:48 CET.
Flavor | Version | Tinstall | Tcheck | Ttotal | Status | Flags |
---|---|---|---|---|---|---|
r-devel-linux-x86_64-debian-clang | 1.1 | 1.65 | 17.95 | 19.60 | NOTE | |
r-devel-linux-x86_64-debian-gcc | 1.1 | 1.35 | 14.52 | 15.87 | NOTE | |
r-devel-linux-x86_64-fedora-clang | 1.1 | 33.28 | NOTE | |||
r-devel-linux-x86_64-fedora-gcc | 1.1 | 29.77 | NOTE | |||
r-devel-macos-arm64 | 1.1 | 17.00 | NOTE | |||
r-devel-macos-x86_64 | 1.1 | 29.00 | NOTE | |||
r-devel-windows-x86_64 | 1.1 | 3.00 | 44.00 | 47.00 | NOTE | |
r-patched-linux-x86_64 | 1.1 | 1.72 | 17.16 | 18.88 | NOTE | |
r-release-linux-x86_64 | 1.1 | 1.72 | 17.15 | 18.87 | NOTE | |
r-release-macos-arm64 | 1.1 | 15.00 | NOTE | |||
r-release-macos-x86_64 | 1.1 | 22.00 | NOTE | |||
r-release-windows-x86_64 | 1.1 | 3.00 | 47.00 | 50.00 | NOTE | |
r-oldrel-macos-arm64 | 1.1 | 15.00 | OK | |||
r-oldrel-macos-x86_64 | 1.1 | 21.00 | OK | |||
r-oldrel-windows-x86_64 | 1.1 | 3.00 | 40.00 | 43.00 | OK |
Version: 1.1
Check: Rd files
Result: NOTE
checkRd: (-1) data.Rd:7: Lost braces in \itemize; meant \describe ?
checkRd: (-1) data.Rd:8: Lost braces in \itemize; meant \describe ?
checkRd: (-1) data.Rd:9: Lost braces in \itemize; meant \describe ?
Flavors: r-devel-linux-x86_64-debian-clang, r-devel-linux-x86_64-debian-gcc, r-devel-linux-x86_64-fedora-clang, r-devel-linux-x86_64-fedora-gcc, r-devel-macos-arm64, r-devel-macos-x86_64, r-devel-windows-x86_64, r-patched-linux-x86_64, r-release-linux-x86_64, r-release-macos-arm64, r-release-macos-x86_64, r-release-windows-x86_64
These binaries (installable software) and packages are in development.
They may not be fully stable and should be used with caution. We make no claims about them.