CRAN Package Check Results for Package ICcalib

Last updated on 2025-05-08 04:52:07 CEST.

Flavor Version Tinstall Tcheck Ttotal Status Flags
r-devel-linux-x86_64-debian-clang 1.0.8 109.00 79.53 188.53 NOTE
r-devel-linux-x86_64-debian-gcc 1.0.8 74.47 57.23 131.70 NOTE
r-devel-linux-x86_64-fedora-clang 1.0.8 370.04 OK
r-devel-linux-x86_64-fedora-gcc 1.0.8 357.04 OK
r-devel-windows-x86_64 1.0.8 130.00 105.00 235.00 OK
r-patched-linux-x86_64 1.0.8 101.30 75.75 177.05 OK
r-release-linux-x86_64 1.0.8 105.56 77.00 182.56 OK
r-release-macos-arm64 1.0.8 85.00 OK
r-release-macos-x86_64 1.0.8 124.00 OK
r-release-windows-x86_64 1.0.8 130.00 106.00 236.00 OK
r-oldrel-macos-arm64 1.0.8 74.00 OK
r-oldrel-macos-x86_64 1.0.8 89.00 OK
r-oldrel-windows-x86_64 1.0.8 145.00 130.00 275.00 OK

Check Details

Version: 1.0.8
Check: CRAN incoming feasibility
Result: NOTE Maintainer: ‘Daniel Nevo <danielnevo@gmail.com>’ No Authors@R field in DESCRIPTION. Please add one, modifying Authors@R: person(given = "Daniel", family = "Nevo", role = c("aut", "cre"), email = "danielnevo@gmail.com") as necessary. The Description field contains proportional hazard model, Nevo et al. (2018+) <arXiv:1801.01529>. Please refer to arXiv e-prints via their arXiv DOI <doi:10.48550/arXiv.YYMM.NNNNN>. Flavors: r-devel-linux-x86_64-debian-clang, r-devel-linux-x86_64-debian-gcc

These binaries (installable software) and packages are in development.
They may not be fully stable and should be used with caution. We make no claims about them.