Last updated on 2025-07-02 01:51:40 CEST.
Flavor | Version | Tinstall | Tcheck | Ttotal | Status | Flags |
---|---|---|---|---|---|---|
r-devel-linux-x86_64-debian-clang | 1.0.8 | 115.87 | 79.73 | 195.60 | NOTE | |
r-devel-linux-x86_64-debian-gcc | 1.0.8 | 76.72 | 56.38 | 133.10 | NOTE | |
r-devel-linux-x86_64-fedora-clang | 1.0.8 | 364.98 | OK | |||
r-devel-linux-x86_64-fedora-gcc | 1.0.8 | 338.26 | OK | |||
r-devel-windows-x86_64 | 1.0.8 | 127.00 | 104.00 | 231.00 | OK | |
r-patched-linux-x86_64 | OK | |||||
r-release-linux-x86_64 | 1.0.8 | 109.24 | 74.87 | 184.11 | OK | |
r-release-macos-arm64 | 1.0.8 | 85.00 | OK | |||
r-release-macos-x86_64 | 1.0.8 | 124.00 | OK | |||
r-release-windows-x86_64 | 1.0.8 | 127.00 | 110.00 | 237.00 | OK | |
r-oldrel-macos-arm64 | 1.0.8 | 74.00 | OK | |||
r-oldrel-macos-x86_64 | 1.0.8 | 89.00 | OK | |||
r-oldrel-windows-x86_64 | 1.0.8 | 156.00 | 135.00 | 291.00 | OK |
Version: 1.0.8
Check: CRAN incoming feasibility
Result: NOTE
Maintainer: ‘Daniel Nevo <danielnevo@gmail.com>’
No Authors@R field in DESCRIPTION.
Please add one, modifying
Authors@R: person(given = "Daniel",
family = "Nevo",
role = c("aut", "cre"),
email = "danielnevo@gmail.com")
as necessary.
The Description field contains
proportional hazard model, Nevo et al. (2018+) <arXiv:1801.01529>.
Please refer to arXiv e-prints via their arXiv DOI <doi:10.48550/arXiv.YYMM.NNNNN>.
Flavors: r-devel-linux-x86_64-debian-clang, r-devel-linux-x86_64-debian-gcc
These binaries (installable software) and packages are in development.
They may not be fully stable and should be used with caution. We make no claims about them.