Last updated on 2025-05-24 21:50:44 CEST.
Flavor | Version | Tinstall | Tcheck | Ttotal | Status | Flags |
---|---|---|---|---|---|---|
r-devel-linux-x86_64-debian-clang | 0.5.1 | 8.52 | 85.28 | 93.80 | NOTE | |
r-devel-linux-x86_64-debian-gcc | 0.5.1 | 5.84 | 61.33 | 67.17 | NOTE | |
r-devel-linux-x86_64-fedora-clang | 0.5.1 | 142.42 | OK | |||
r-devel-linux-x86_64-fedora-gcc | 0.5.1 | 134.45 | OK | |||
r-devel-windows-x86_64 | 0.5.1 | 9.00 | 92.00 | 101.00 | OK | |
r-patched-linux-x86_64 | 0.5.1 | 8.03 | 78.24 | 86.27 | OK | |
r-release-linux-x86_64 | 0.5.1 | 8.60 | 78.10 | 86.70 | OK | |
r-release-macos-arm64 | 0.5.1 | 50.00 | OK | |||
r-release-macos-x86_64 | 0.5.1 | 81.00 | OK | |||
r-release-windows-x86_64 | 0.5.1 | 9.00 | 91.00 | 100.00 | OK | |
r-oldrel-macos-arm64 | 0.5.1 | 42.00 | NOTE | |||
r-oldrel-macos-x86_64 | 0.5.1 | 62.00 | NOTE | |||
r-oldrel-windows-x86_64 | 0.5.1 | 13.00 | 118.00 | 131.00 | NOTE |
Version: 0.5.1
Check: CRAN incoming feasibility
Result: NOTE
Maintainer: ‘Weichi Yao <wy635@stern.nyu.edu>’
The Description field contains
<arXiv:1901.04599>.
Please refer to arXiv e-prints via their arXiv DOI <doi:10.48550/arXiv.YYMM.NNNNN>.
Flavors: r-devel-linux-x86_64-debian-clang, r-devel-linux-x86_64-debian-gcc
Version: 0.5.1
Check: LazyData
Result: NOTE
'LazyData' is specified without a 'data' directory
Flavors: r-oldrel-macos-arm64, r-oldrel-macos-x86_64, r-oldrel-windows-x86_64
These binaries (installable software) and packages are in development.
They may not be fully stable and should be used with caution. We make no claims about them.