CRAN Package Check Results for Package ICtest

Last updated on 2025-02-16 10:50:48 CET.

Flavor Version Tinstall Tcheck Ttotal Status Flags
r-devel-linux-x86_64-debian-clang 0.3-5 32.47 206.78 239.25 NOTE
r-devel-linux-x86_64-debian-gcc 0.3-5 24.84 137.75 162.59 NOTE
r-devel-linux-x86_64-fedora-clang 0.3-5 417.96 OK
r-devel-linux-x86_64-fedora-gcc 0.3-5 391.29 OK
r-devel-macos-arm64 0.3-5 108.00 OK
r-devel-macos-x86_64 0.3-5 200.00 OK
r-devel-windows-x86_64 0.3-5 35.00 209.00 244.00 NOTE
r-patched-linux-x86_64 0.3-5 42.51 169.12 211.63 OK
r-release-linux-x86_64 0.3-5 33.41 168.72 202.13 OK
r-release-macos-arm64 0.3-5 89.00 NOTE
r-release-macos-x86_64 0.3-5 135.00 NOTE
r-release-windows-x86_64 0.3-5 36.00 188.00 224.00 OK
r-oldrel-macos-arm64 0.3-5 100.00 NOTE
r-oldrel-macos-x86_64 0.3-5 171.00 NOTE
r-oldrel-windows-x86_64 0.3-5 48.00 237.00 285.00 OK

Check Details

Version: 0.3-5
Check: Rd cross-references
Result: NOTE Found the following Rd file(s) with Rd \link{} targets missing package anchors: covSIR.Rd: ics ggplot.ictest.Rd: ggpairs ggplot.ladle.Rd: ggpairs Please provide package anchors for all Rd \link{} targets not in the package itself and the base packages. Flavors: r-devel-linux-x86_64-debian-clang, r-devel-linux-x86_64-debian-gcc, r-devel-windows-x86_64

Version: 0.3-5
Check: installed package size
Result: NOTE installed size is 5.4Mb sub-directories of 1Mb or more: doc 2.5Mb libs 2.6Mb Flavors: r-release-macos-arm64, r-release-macos-x86_64, r-oldrel-macos-arm64, r-oldrel-macos-x86_64

These binaries (installable software) and packages are in development.
They may not be fully stable and should be used with caution. We make no claims about them.