Last updated on 2025-10-23 17:50:51 CEST.
Flavor | Version | Tinstall | Tcheck | Ttotal | Status | Flags |
---|---|---|---|---|---|---|
r-devel-linux-x86_64-debian-clang | 0.3-6 | 35.54 | 219.66 | 255.20 | OK | |
r-devel-linux-x86_64-debian-gcc | 0.3-6 | 25.43 | 143.54 | 168.97 | OK | |
r-devel-linux-x86_64-fedora-clang | 0.3-6 | 87.00 | 305.23 | 392.23 | OK | |
r-devel-linux-x86_64-fedora-gcc | 0.3-6 | 64.00 | 328.78 | 392.78 | OK | |
r-devel-windows-x86_64 | 0.3-6 | 42.00 | 214.00 | 256.00 | OK | |
r-patched-linux-x86_64 | 0.3-6 | 37.01 | 210.75 | 247.76 | OK | |
r-release-linux-x86_64 | 0.3-6 | 34.07 | 209.87 | 243.94 | OK | |
r-release-macos-arm64 | 0.3-6 | 15.00 | 85.00 | 100.00 | OK | |
r-release-macos-x86_64 | 0.3-6 | 26.00 | 182.00 | 208.00 | OK | |
r-release-windows-x86_64 | 0.3-6 | 41.00 | 212.00 | 253.00 | OK | |
r-oldrel-macos-arm64 | 0.3-6 | 14.00 | 89.00 | 103.00 | NOTE | |
r-oldrel-macos-x86_64 | 0.3-6 | 23.00 | 178.00 | 201.00 | NOTE | |
r-oldrel-windows-x86_64 | 0.3-6 | 52.00 | 276.00 | 328.00 | OK |
Version: 0.3-6
Check: installed package size
Result: NOTE
installed size is 5.2Mb
sub-directories of 1Mb or more:
doc 2.2Mb
libs 2.7Mb
Flavors: r-oldrel-macos-arm64, r-oldrel-macos-x86_64
These binaries (installable software) and packages are in development.
They may not be fully stable and should be used with caution. We make no claims about them.