Last updated on 2025-11-12 19:51:52 CET.
| Flavor | Version | Tinstall | Tcheck | Ttotal | Status | Flags |
|---|---|---|---|---|---|---|
| r-devel-linux-x86_64-debian-clang | 0.3-6 | 36.87 | 222.69 | 259.56 | OK | |
| r-devel-linux-x86_64-debian-gcc | 0.3-6 | 24.37 | 146.13 | 170.50 | OK | |
| r-devel-linux-x86_64-fedora-clang | 0.3-6 | 154.00 | 278.26 | 432.26 | OK | |
| r-devel-linux-x86_64-fedora-gcc | 0.3-6 | 73.00 | 321.60 | 394.60 | OK | |
| r-devel-windows-x86_64 | 0.3-6 | 43.00 | 217.00 | 260.00 | OK | |
| r-patched-linux-x86_64 | 0.3-6 | 34.67 | 211.22 | 245.89 | OK | |
| r-release-linux-x86_64 | 0.3-6 | 35.57 | 211.63 | 247.20 | OK | |
| r-release-macos-arm64 | 0.3-6 | 15.00 | 85.00 | 100.00 | OK | |
| r-release-macos-x86_64 | 0.3-6 | 26.00 | 182.00 | 208.00 | OK | |
| r-release-windows-x86_64 | 0.3-6 | 42.00 | 211.00 | 253.00 | OK | |
| r-oldrel-macos-arm64 | 0.3-6 | 14.00 | 89.00 | 103.00 | NOTE | |
| r-oldrel-macos-x86_64 | 0.3-6 | 23.00 | 178.00 | 201.00 | NOTE | |
| r-oldrel-windows-x86_64 | 0.3-6 | 58.00 | 284.00 | 342.00 | OK |
Version: 0.3-6
Check: installed package size
Result: NOTE
installed size is 5.2Mb
sub-directories of 1Mb or more:
doc 2.2Mb
libs 2.7Mb
Flavors: r-oldrel-macos-arm64, r-oldrel-macos-x86_64
These binaries (installable software) and packages are in development.
They may not be fully stable and should be used with caution. We make no claims about them.