Last updated on 2025-07-02 01:51:40 CEST.
Flavor | Version | Tinstall | Tcheck | Ttotal | Status | Flags |
---|---|---|---|---|---|---|
r-devel-linux-x86_64-debian-clang | 0.3-6 | 36.23 | 206.43 | 242.66 | OK | |
r-devel-linux-x86_64-debian-gcc | 0.3-6 | 24.23 | 135.48 | 159.71 | OK | |
r-devel-linux-x86_64-fedora-clang | 0.3-6 | 375.13 | OK | |||
r-devel-linux-x86_64-fedora-gcc | 0.3-6 | 374.00 | OK | |||
r-devel-windows-x86_64 | 0.3-6 | 41.00 | 205.00 | 246.00 | OK | |
r-patched-linux-x86_64 | OK | |||||
r-release-linux-x86_64 | 0.3-6 | 35.81 | 192.28 | 228.09 | OK | |
r-release-macos-arm64 | 0.3-6 | 100.00 | OK | |||
r-release-macos-x86_64 | 0.3-6 | 208.00 | OK | |||
r-release-windows-x86_64 | 0.3-6 | 45.00 | 201.00 | 246.00 | OK | |
r-oldrel-macos-arm64 | 0.3-6 | 103.00 | NOTE | |||
r-oldrel-macos-x86_64 | 0.3-6 | 201.00 | NOTE | |||
r-oldrel-windows-x86_64 | 0.3-6 | 51.00 | 259.00 | 310.00 | OK |
Version: 0.3-6
Check: installed package size
Result: NOTE
installed size is 5.2Mb
sub-directories of 1Mb or more:
doc 2.2Mb
libs 2.7Mb
Flavors: r-oldrel-macos-arm64, r-oldrel-macos-x86_64
These binaries (installable software) and packages are in development.
They may not be fully stable and should be used with caution. We make no claims about them.