Last updated on 2025-05-02 08:49:29 CEST.
Flavor | Version | Tinstall | Tcheck | Ttotal | Status | Flags |
---|---|---|---|---|---|---|
r-devel-linux-x86_64-debian-clang | 0.3.1 | 20.57 | 171.78 | 192.35 | NOTE | |
r-devel-linux-x86_64-debian-gcc | 0.3.1 | 12.89 | 128.97 | 141.86 | OK | |
r-devel-linux-x86_64-fedora-clang | 0.3.1 | 285.48 | OK | |||
r-devel-linux-x86_64-fedora-gcc | 0.3.1 | 296.77 | OK | |||
r-devel-windows-x86_64 | 0.3.1 | 19.00 | 175.00 | 194.00 | OK | |
r-patched-linux-x86_64 | 0.3.1 | 19.79 | 163.05 | 182.84 | OK | |
r-release-linux-x86_64 | OK | |||||
r-release-macos-arm64 | 0.3.1 | 124.00 | OK | |||
r-release-macos-x86_64 | 0.3.1 | 174.00 | OK | |||
r-release-windows-x86_64 | 0.3.1 | 18.00 | 174.00 | 192.00 | OK | |
r-oldrel-macos-arm64 | 0.3.1 | 78.00 | OK | |||
r-oldrel-macos-x86_64 | 0.3.1 | 151.00 | OK | |||
r-oldrel-windows-x86_64 | 0.3.1 | 19.00 | 223.00 | 242.00 | OK |
Version: 0.3.1
Check: examples
Result: NOTE
Examples with CPU (user + system) or elapsed time > 5s
user system elapsed
IDE 4.398 0.291 5.662
simIDE 4.486 0.089 5.990
Flavor: r-devel-linux-x86_64-debian-clang
These binaries (installable software) and packages are in development.
They may not be fully stable and should be used with caution. We make no claims about them.