CRAN Package Check Results for Package IDEAFilter

Last updated on 2025-07-25 13:50:22 CEST.

Flavor Version Tinstall Tcheck Ttotal Status Flags
r-devel-linux-x86_64-debian-clang 0.2.0 7.58 66.85 74.43 NOTE
r-devel-linux-x86_64-debian-gcc 0.2.0 5.53 48.49 54.02 NOTE
r-devel-linux-x86_64-fedora-clang 0.2.0 112.63 OK
r-devel-linux-x86_64-fedora-gcc 0.2.0 118.75 OK
r-devel-windows-x86_64 0.2.0 10.00 85.00 95.00 NOTE
r-patched-linux-x86_64 0.2.0 7.15 60.49 67.64 NOTE
r-release-linux-x86_64 0.2.0 5.63 61.01 66.64 NOTE
r-release-macos-arm64 0.2.0 62.00 OK
r-release-macos-x86_64 0.2.0 71.00 OK
r-release-windows-x86_64 0.2.0 9.00 82.00 91.00 NOTE
r-oldrel-macos-arm64 0.2.0 40.00 OK
r-oldrel-macos-x86_64 0.2.0 59.00 OK
r-oldrel-windows-x86_64 0.2.0 12.00 100.00 112.00 OK

Check Details

Version: 0.2.0
Check: Rd cross-references
Result: NOTE Found the following Rd file(s) with Rd \link{} targets missing package anchors: filter_log_style.Rd: crayon Please provide package anchors for all Rd \link{} targets not in the package itself and the base packages. Flavors: r-devel-linux-x86_64-debian-clang, r-devel-linux-x86_64-debian-gcc, r-devel-windows-x86_64, r-patched-linux-x86_64, r-release-linux-x86_64, r-release-windows-x86_64

These binaries (installable software) and packages are in development.
They may not be fully stable and should be used with caution. We make no claims about them.