Last updated on 2024-07-27 15:50:20 CEST.
Flavor | Version | Tinstall | Tcheck | Ttotal | Status | Flags |
---|---|---|---|---|---|---|
r-devel-linux-x86_64-debian-clang | 0.2.0 | 7.01 | 74.98 | 81.99 | OK | |
r-devel-linux-x86_64-debian-gcc | 0.2.0 | NOTE | ||||
r-devel-linux-x86_64-fedora-clang | 0.2.0 | 103.32 | OK | |||
r-devel-linux-x86_64-fedora-gcc | 0.2.0 | 116.11 | OK | |||
r-devel-windows-x86_64 | 0.2.0 | 8.00 | 81.00 | 89.00 | NOTE | |
r-patched-linux-x86_64 | 0.2.0 | OK | ||||
r-release-linux-x86_64 | 0.2.0 | 7.92 | 72.23 | 80.15 | OK | |
r-release-macos-arm64 | 0.2.0 | 40.00 | OK | |||
r-release-macos-x86_64 | 0.2.0 | 59.00 | OK | |||
r-release-windows-x86_64 | 0.2.0 | 8.00 | 81.00 | 89.00 | OK | |
r-oldrel-macos-arm64 | 0.2.0 | 42.00 | OK | |||
r-oldrel-macos-x86_64 | 0.2.0 | 82.00 | OK | |||
r-oldrel-windows-x86_64 | 0.2.0 | 11.00 | 91.00 | 102.00 | OK |
Version: 0.2.0
Check: Rd cross-references
Result: NOTE
Found the following Rd file(s) with Rd \link{} targets missing package
anchors:
filter_log_style.Rd: crayon
Please provide package anchors for all Rd \link{} targets not in the
package itself and the base packages.
Flavors: r-devel-linux-x86_64-debian-gcc, r-devel-windows-x86_64
These binaries (installable software) and packages are in development.
They may not be fully stable and should be used with caution. We make no claims about them.