Last updated on 2025-02-16 12:53:38 CET.
Flavor | Version | Tinstall | Tcheck | Ttotal | Status | Flags |
---|---|---|---|---|---|---|
r-devel-linux-x86_64-debian-clang | 2.1.2 | 8.16 | 64.72 | 72.88 | NOTE | |
r-devel-linux-x86_64-debian-gcc | 2.1.2 | 5.91 | 46.41 | 52.32 | NOTE | |
r-devel-linux-x86_64-fedora-clang | 2.1.2 | 119.30 | OK | |||
r-devel-linux-x86_64-fedora-gcc | 2.1.2 | 114.17 | OK | |||
r-devel-macos-arm64 | 2.1.2 | 32.00 | OK | |||
r-devel-macos-x86_64 | 2.1.2 | 66.00 | OK | |||
r-devel-windows-x86_64 | 2.1.2 | 8.00 | 79.00 | 87.00 | NOTE | |
r-patched-linux-x86_64 | 2.1.2 | 10.72 | 60.74 | 71.46 | OK | |
r-release-linux-x86_64 | 2.1.2 | 7.96 | 60.96 | 68.92 | OK | |
r-release-macos-arm64 | 2.1.2 | 32.00 | OK | |||
r-release-macos-x86_64 | 2.1.2 | 48.00 | OK | |||
r-release-windows-x86_64 | 2.1.2 | 9.00 | 80.00 | 89.00 | OK | |
r-oldrel-macos-arm64 | 2.1.2 | 38.00 | OK | |||
r-oldrel-macos-x86_64 | 2.1.2 | 61.00 | OK | |||
r-oldrel-windows-x86_64 | 2.1.2 | 11.00 | 124.00 | 135.00 | OK |
Version: 2.1.2
Check: Rd cross-references
Result: NOTE
Found the following Rd file(s) with Rd \link{} targets missing package
anchors:
gev.d.fit.Rd: gev.fit
gev.d.params.Rd: gev.fit
Please provide package anchors for all Rd \link{} targets not in the
package itself and the base packages.
Flavors: r-devel-linux-x86_64-debian-clang, r-devel-linux-x86_64-debian-gcc, r-devel-windows-x86_64
These binaries (installable software) and packages are in development.
They may not be fully stable and should be used with caution. We make no claims about them.