CRAN Package Check Results for Package IDMIR

Last updated on 2025-07-02 01:51:40 CEST.

Flavor Version Tinstall Tcheck Ttotal Status Flags
r-devel-linux-x86_64-debian-clang 0.1.0 15.72 117.35 133.07 OK
r-devel-linux-x86_64-debian-gcc 0.1.0 11.57 81.85 93.42 OK
r-devel-linux-x86_64-fedora-clang 0.1.0 204.77 OK
r-devel-linux-x86_64-fedora-gcc 0.1.0 199.92 OK
r-devel-windows-x86_64 0.1.0 17.00 117.00 134.00 OK
r-patched-linux-x86_64 OK
r-release-linux-x86_64 0.1.0 13.99 106.91 120.90 OK
r-release-macos-arm64 0.1.0 71.00 OK
r-release-macos-x86_64 0.1.0 125.00 OK
r-release-windows-x86_64 0.1.0 17.00 117.00 134.00 OK
r-oldrel-macos-arm64 0.1.0 64.00 NOTE
r-oldrel-macos-x86_64 0.1.0 93.00 NOTE
r-oldrel-windows-x86_64 0.1.0 24.00 148.00 172.00 OK

Check Details

Version: 0.1.0
Check: installed package size
Result: NOTE installed size is 5.2Mb sub-directories of 1Mb or more: data 5.0Mb Flavors: r-oldrel-macos-arm64, r-oldrel-macos-x86_64

These binaries (installable software) and packages are in development.
They may not be fully stable and should be used with caution. We make no claims about them.