Last updated on 2025-05-08 04:52:07 CEST.
Flavor | Version | Tinstall | Tcheck | Ttotal | Status | Flags |
---|---|---|---|---|---|---|
r-devel-linux-x86_64-debian-clang | 0.1.0 | 16.15 | 116.96 | 133.11 | OK | |
r-devel-linux-x86_64-debian-gcc | 0.1.0 | 10.47 | 81.84 | 92.31 | OK | |
r-devel-linux-x86_64-fedora-clang | 0.1.0 | 219.32 | OK | |||
r-devel-linux-x86_64-fedora-gcc | 0.1.0 | 206.03 | OK | |||
r-devel-windows-x86_64 | 0.1.0 | 17.00 | 119.00 | 136.00 | OK | |
r-patched-linux-x86_64 | 0.1.0 | 16.26 | 109.12 | 125.38 | OK | |
r-release-linux-x86_64 | 0.1.0 | 14.86 | 106.98 | 121.84 | OK | |
r-release-macos-arm64 | 0.1.0 | 71.00 | OK | |||
r-release-macos-x86_64 | 0.1.0 | 125.00 | OK | |||
r-release-windows-x86_64 | 0.1.0 | 18.00 | 118.00 | 136.00 | OK | |
r-oldrel-macos-arm64 | 0.1.0 | 64.00 | NOTE | |||
r-oldrel-macos-x86_64 | 0.1.0 | 93.00 | NOTE | |||
r-oldrel-windows-x86_64 | 0.1.0 | 23.00 | 149.00 | 172.00 | OK |
Version: 0.1.0
Check: installed package size
Result: NOTE
installed size is 5.2Mb
sub-directories of 1Mb or more:
data 5.0Mb
Flavors: r-oldrel-macos-arm64, r-oldrel-macos-x86_64
These binaries (installable software) and packages are in development.
They may not be fully stable and should be used with caution. We make no claims about them.