Last updated on 2025-02-16 10:50:48 CET.
Flavor | Version | Tinstall | Tcheck | Ttotal | Status | Flags |
---|---|---|---|---|---|---|
r-devel-linux-x86_64-debian-clang | 1.2 | 7.90 | 107.19 | 115.09 | NOTE | |
r-devel-linux-x86_64-debian-gcc | 1.2 | 5.23 | 74.84 | 80.07 | NOTE | |
r-devel-linux-x86_64-fedora-clang | 1.2 | 195.05 | OK | |||
r-devel-linux-x86_64-fedora-gcc | 1.2 | 204.49 | OK | |||
r-devel-macos-arm64 | 1.2 | 64.00 | OK | |||
r-devel-macos-x86_64 | 1.2 | 132.00 | OK | |||
r-devel-windows-x86_64 | 1.2 | 7.00 | 137.00 | 144.00 | NOTE | |
r-patched-linux-x86_64 | 1.2 | 7.42 | 101.02 | 108.44 | OK | |
r-release-linux-x86_64 | 1.2 | 7.19 | 103.82 | 111.01 | OK | |
r-release-macos-arm64 | 1.2 | 64.00 | OK | |||
r-release-macos-x86_64 | 1.2 | 114.00 | OK | |||
r-release-windows-x86_64 | 1.2 | 8.00 | 147.00 | 155.00 | OK | |
r-oldrel-macos-arm64 | 1.2 | 95.00 | OK | |||
r-oldrel-macos-x86_64 | 1.2 | 151.00 | OK | |||
r-oldrel-windows-x86_64 | 1.2 | 10.00 | 157.00 | 167.00 | OK |
Version: 1.2
Check: Rd cross-references
Result: NOTE
Found the following Rd file(s) with Rd \link{} targets missing package
anchors:
isurvdiff.Rd: Surv
isurvdiff.smax.Rd: Surv
isurvfit.Rd: Surv
Please provide package anchors for all Rd \link{} targets not in the
package itself and the base packages.
Flavors: r-devel-linux-x86_64-debian-clang, r-devel-linux-x86_64-debian-gcc, r-devel-windows-x86_64
These binaries (installable software) and packages are in development.
They may not be fully stable and should be used with caution. We make no claims about them.