CRAN Package Check Results for Package IDetect

Last updated on 2025-10-24 01:50:29 CEST.

Flavor Version Tinstall Tcheck Ttotal Status Flags
r-devel-linux-x86_64-debian-clang 0.1.0 3.23 67.80 71.03 NOTE
r-devel-linux-x86_64-debian-gcc 0.1.0 2.49 51.54 54.03 NOTE
r-devel-linux-x86_64-fedora-clang 0.1.0 110.14 OK
r-devel-linux-x86_64-fedora-gcc 0.1.0 115.01 OK
r-devel-windows-x86_64 0.1.0 4.00 125.00 129.00 OK
r-patched-linux-x86_64 0.1.0 3.80 65.49 69.29 OK
r-release-linux-x86_64 0.1.0 3.02 64.09 67.11 OK
r-release-macos-arm64 0.1.0 2.00 40.00 42.00 OK
r-release-macos-x86_64 0.1.0 4.00 69.00 73.00 OK
r-release-windows-x86_64 0.1.0 5.00 125.00 130.00 OK
r-oldrel-macos-arm64 0.1.0 1.00 43.00 44.00 NOTE
r-oldrel-macos-x86_64 0.1.0 4.00 57.00 61.00 NOTE
r-oldrel-windows-x86_64 0.1.0 5.00 145.00 150.00 NOTE

Check Details

Version: 0.1.0
Check: CRAN incoming feasibility
Result: NOTE Maintainer: ‘Andreas Anastasiou <a.anastasiou@lse.ac.uk>’ Package CITATION file contains call(s) to old-style personList() or as.personList(). Please use c() on person objects instead. Package CITATION file contains call(s) to old-style citEntry(). Please use bibentry() instead. Flavors: r-devel-linux-x86_64-debian-clang, r-devel-linux-x86_64-debian-gcc

Version: 0.1.0
Check: Rd files
Result: NOTE checkRd: (-1) ID.Rd:63-68: Only 2 columns allowed in this table (row 1 has 1) checkRd: (-1) ID_cplm.Rd:36-41: Only 2 columns allowed in this table (row 1 has 1) checkRd: (-1) ID_pcm.Rd:35-40: Only 2 columns allowed in this table (row 1 has 1) checkRd: (-1) cplm_ic.Rd:31-38: Only 2 columns allowed in this table (row 1 has 1) checkRd: (-1) ht_ID_cplm.Rd:46-51: Only 2 columns allowed in this table (row 1 has 1) checkRd: (-1) ht_ID_pcm.Rd:45-50: Only 2 columns allowed in this table (row 1 has 1) checkRd: (-1) pcm_ic.Rd:31-38: Only 2 columns allowed in this table (row 1 has 1) Flavor: r-devel-linux-x86_64-debian-gcc

Version: 0.1.0
Check: LazyData
Result: NOTE 'LazyData' is specified without a 'data' directory Flavors: r-oldrel-macos-arm64, r-oldrel-macos-x86_64, r-oldrel-windows-x86_64

These binaries (installable software) and packages are in development.
They may not be fully stable and should be used with caution. We make no claims about them.