Last updated on 2025-05-01 14:49:12 CEST.
Flavor | Version | Tinstall | Tcheck | Ttotal | Status | Flags |
---|---|---|---|---|---|---|
r-devel-linux-x86_64-debian-clang | 1.0.0 | 2.93 | 52.07 | 55.00 | NOTE | |
r-devel-linux-x86_64-debian-gcc | 1.0.0 | 1.86 | 37.04 | 38.90 | NOTE | |
r-devel-linux-x86_64-fedora-clang | 1.0.0 | 85.57 | OK | |||
r-devel-linux-x86_64-fedora-gcc | 1.0.0 | 96.04 | OK | |||
r-devel-windows-x86_64 | 1.0.0 | 4.00 | 71.00 | 75.00 | OK | |
r-patched-linux-x86_64 | 1.0.0 | 2.88 | 48.13 | 51.01 | OK | |
r-release-linux-x86_64 | OK | |||||
r-release-macos-arm64 | 1.0.0 | 49.00 | OK | |||
r-release-macos-x86_64 | 1.0.0 | 69.00 | OK | |||
r-release-windows-x86_64 | 1.0.0 | 5.00 | 71.00 | 76.00 | OK | |
r-oldrel-macos-arm64 | 1.0.0 | 32.00 | OK | |||
r-oldrel-macos-x86_64 | 1.0.0 | 48.00 | OK | |||
r-oldrel-windows-x86_64 | 1.0.0 | 5.00 | 85.00 | 90.00 | OK |
Version: 1.0.0
Check: CRAN incoming feasibility
Result: NOTE
Maintainer: ‘Pavel Linhart <pavel.linhart@centrum.cz>’
Package CITATION file contains call(s) to old-style personList() or
as.personList(). Please use c() on person objects instead.
Package CITATION file contains call(s) to old-style citEntry(). Please
use bibentry() instead.
Flavors: r-devel-linux-x86_64-debian-clang, r-devel-linux-x86_64-debian-gcc
These binaries (installable software) and packages are in development.
They may not be fully stable and should be used with caution. We make no claims about them.