Last updated on 2025-05-01 10:50:12 CEST.
Flavor | Version | Tinstall | Tcheck | Ttotal | Status | Flags |
---|---|---|---|---|---|---|
r-devel-linux-x86_64-debian-clang | 1.0.0 | 6.63 | 60.64 | 67.27 | NOTE | |
r-devel-linux-x86_64-debian-gcc | 1.0.0 | 5.20 | 41.99 | 47.19 | NOTE | |
r-devel-linux-x86_64-fedora-clang | 1.0.0 | 91.47 | NOTE | |||
r-devel-linux-x86_64-fedora-gcc | 1.0.0 | 86.08 | NOTE | |||
r-devel-windows-x86_64 | 1.0.0 | 8.00 | 89.00 | 97.00 | OK | |
r-patched-linux-x86_64 | 1.0.0 | 6.53 | 54.96 | 61.49 | OK | |
r-release-linux-x86_64 | OK | |||||
r-release-macos-arm64 | 1.0.0 | 33.00 | OK | |||
r-release-macos-x86_64 | 1.0.0 | 55.00 | OK | |||
r-release-windows-x86_64 | 1.0.0 | 8.00 | 90.00 | 98.00 | OK | |
r-oldrel-macos-arm64 | 1.0.0 | 28.00 | OK | |||
r-oldrel-macos-x86_64 | 1.0.0 | 43.00 | OK | |||
r-oldrel-windows-x86_64 | 1.0.0 | 9.00 | 111.00 | 120.00 | OK |
Version: 1.0.0
Check: CRAN incoming feasibility
Result: NOTE
Maintainer: ‘Luis F. Duque <lfduquey@gmail.com>’
No Authors@R field in DESCRIPTION.
Please add one, modifying
Authors@R: person(given = c("Luis", "F."),
family = "Duque",
role = c("aut", "cre"),
email = "lfduquey@gmail.com")
as necessary.
Flavors: r-devel-linux-x86_64-debian-clang, r-devel-linux-x86_64-debian-gcc
Version: 1.0.0
Check: dependencies in R code
Result: NOTE
Namespace in Imports field not imported from: ‘Rdpack’
All declared Imports should be used.
Flavors: r-devel-linux-x86_64-fedora-clang, r-devel-linux-x86_64-fedora-gcc
These binaries (installable software) and packages are in development.
They may not be fully stable and should be used with caution. We make no claims about them.