CRAN Package Check Results for Package IFC

Last updated on 2025-05-21 21:49:19 CEST.

Flavor Version Tinstall Tcheck Ttotal Status Flags
r-devel-linux-x86_64-debian-clang 0.2.1 61.69 132.74 194.43 OK
r-devel-linux-x86_64-debian-gcc 0.2.1 42.31 85.20 127.51 OK
r-devel-linux-x86_64-fedora-clang 0.2.1 306.71 OK
r-devel-linux-x86_64-fedora-gcc 0.2.1 331.01 OK
r-devel-windows-x86_64 0.2.1 72.00 181.00 253.00 OK
r-patched-linux-x86_64 0.2.1 61.91 125.06 186.97 OK
r-release-linux-x86_64 0.2.1 62.63 126.00 188.63 OK
r-release-macos-arm64 0.2.1 79.00 OK
r-release-macos-x86_64 0.2.1 136.00 OK
r-release-windows-x86_64 0.2.1 63.00 178.00 241.00 OK
r-oldrel-macos-arm64 0.2.1 66.00 NOTE
r-oldrel-macos-x86_64 0.2.1 106.00 NOTE
r-oldrel-windows-x86_64 0.2.1 80.00 213.00 293.00 NOTE

Check Details

Version: 0.2.1
Check: package dependencies
Result: NOTE Package suggested but not available for checking: ‘IFCdata’ Flavors: r-oldrel-macos-arm64, r-oldrel-macos-x86_64, r-oldrel-windows-x86_64

Version: 0.2.1
Check: installed package size
Result: NOTE installed size is 7.4Mb sub-directories of 1Mb or more: R 2.0Mb libs 4.6Mb Flavors: r-oldrel-macos-arm64, r-oldrel-macos-x86_64

These binaries (installable software) and packages are in development.
They may not be fully stable and should be used with caution. We make no claims about them.