Last updated on 2025-10-03 15:49:52 CEST.
Flavor | Version | Tinstall | Tcheck | Ttotal | Status | Flags |
---|---|---|---|---|---|---|
r-devel-linux-x86_64-debian-clang | 0.3.4 | 17.90 | 97.06 | 114.96 | NOTE | |
r-devel-linux-x86_64-debian-gcc | 0.3.4 | 12.38 | 70.01 | 82.39 | NOTE | |
r-devel-linux-x86_64-fedora-clang | 0.3.4 | 172.63 | OK | |||
r-devel-linux-x86_64-fedora-gcc | 0.3.4 | 172.52 | OK | |||
r-devel-windows-x86_64 | 0.3.4 | 19.00 | 97.00 | 116.00 | OK | |
r-patched-linux-x86_64 | 0.3.4 | 16.76 | 91.04 | 107.80 | OK | |
r-release-linux-x86_64 | 0.3.4 | 16.83 | 89.36 | 106.19 | OK | |
r-release-macos-arm64 | 0.3.4 | 49.00 | OK | |||
r-release-macos-x86_64 | 0.3.4 | 80.00 | OK | |||
r-release-windows-x86_64 | 0.3.4 | 19.00 | 101.00 | 120.00 | OK | |
r-oldrel-macos-arm64 | 0.3.4 | 42.00 | OK | |||
r-oldrel-macos-x86_64 | 0.3.4 | 67.00 | OK | |||
r-oldrel-windows-x86_64 | 0.3.4 | 27.00 | 124.00 | 151.00 | OK |
Version: 0.3.4
Check: CRAN incoming feasibility
Result: NOTE
Maintainer: ‘Jean-Luc Lipatz <jllipatz@protonmail.com>’
No Authors@R field in DESCRIPTION.
Please add one, modifying
Authors@R: c(person(given = "Jean-Luc",
family = "Lipatz",
role = c("aut", "cre"),
email = "jllipatz@protonmail.com"),
person(given = "Bernard",
family = "Gestin",
role = "ctb"))
as necessary.
Flavors: r-devel-linux-x86_64-debian-clang, r-devel-linux-x86_64-debian-gcc
These binaries (installable software) and packages are in development.
They may not be fully stable and should be used with caution. We make no claims about them.