Last updated on 2025-11-12 23:50:46 CET.
| Flavor | Version | Tinstall | Tcheck | Ttotal | Status | Flags |
|---|---|---|---|---|---|---|
| r-devel-linux-x86_64-debian-clang | 0.3 | 9.59 | 81.63 | 91.22 | NOTE | |
| r-devel-linux-x86_64-debian-gcc | 0.3 | 8.57 | 60.49 | 69.06 | NOTE | |
| r-devel-linux-x86_64-fedora-clang | 0.3 | 42.00 | 106.90 | 148.90 | NOTE | |
| r-devel-linux-x86_64-fedora-gcc | 0.3 | 22.00 | 112.27 | 134.27 | NOTE | |
| r-devel-windows-x86_64 | 0.3 | 14.00 | 96.00 | 110.00 | NOTE | |
| r-patched-linux-x86_64 | 0.3 | 9.88 | 77.61 | 87.49 | NOTE | |
| r-release-linux-x86_64 | 0.3 | 9.66 | 78.19 | 87.85 | NOTE | |
| r-release-macos-arm64 | 0.3 | 5.00 | 41.00 | 46.00 | NOTE | |
| r-release-macos-x86_64 | 0.3 | 11.00 | 66.00 | 77.00 | NOTE | |
| r-release-windows-x86_64 | 0.3 | 12.00 | 91.00 | 103.00 | NOTE | |
| r-oldrel-macos-arm64 | 0.3 | 5.00 | 37.00 | 42.00 | NOTE | |
| r-oldrel-macos-x86_64 | 0.3 | 7.00 | 52.00 | 59.00 | NOTE | |
| r-oldrel-windows-x86_64 | 0.3 | 15.00 | 119.00 | 134.00 | NOTE |
Version: 0.3
Check: Rd files
Result: NOTE
checkRd: (-1) lab.qcs.Rd:24: Lost braces
24 | It develops an object of \code{lab.qcs}-code{link{class}} to perform statistical quality control.
| ^
checkRd: (-1) lab.qcs.Rd:24: Lost braces
24 | It develops an object of \code{lab.qcs}-code{link{class}} to perform statistical quality control.
| ^
Flavors: r-devel-linux-x86_64-debian-clang, r-devel-linux-x86_64-debian-gcc, r-devel-linux-x86_64-fedora-clang, r-devel-linux-x86_64-fedora-gcc, r-devel-windows-x86_64, r-patched-linux-x86_64, r-release-linux-x86_64, r-release-macos-arm64, r-release-macos-x86_64, r-release-windows-x86_64, r-oldrel-macos-arm64, r-oldrel-macos-x86_64, r-oldrel-windows-x86_64
These binaries (installable software) and packages are in development.
They may not be fully stable and should be used with caution. We make no claims about them.