Last updated on 2024-07-27 15:50:21 CEST.
Flavor | Version | Tinstall | Tcheck | Ttotal | Status | Flags |
---|---|---|---|---|---|---|
r-devel-linux-x86_64-debian-clang | 1.0.3.1 | 17.65 | 132.53 | 150.18 | OK | |
r-devel-linux-x86_64-debian-gcc | 1.0.3.1 | OK | ||||
r-devel-linux-x86_64-fedora-clang | 1.0.3.1 | 194.65 | OK | |||
r-devel-linux-x86_64-fedora-gcc | 1.0.3.1 | 196.16 | OK | |||
r-devel-windows-x86_64 | 1.0.3.1 | 18.00 | 116.00 | 134.00 | OK | |
r-patched-linux-x86_64 | 1.0.2 | OK | ||||
r-release-linux-x86_64 | 1.0.2 | 12.33 | 119.72 | 132.05 | OK | |
r-release-macos-arm64 | 1.0.3.1 | 55.00 | OK | |||
r-release-macos-x86_64 | 1.0.3.1 | 164.00 | OK | |||
r-release-windows-x86_64 | 1.0.3.1 | 20.00 | 105.00 | 125.00 | OK | |
r-oldrel-macos-arm64 | 1.0.3.1 | 56.00 | ERROR | |||
r-oldrel-macos-x86_64 | 1.0.3.1 | 127.00 | ERROR | |||
r-oldrel-windows-x86_64 | 1.0.3.1 | 18.00 | 125.00 | 143.00 | OK |
Version: 1.0.3.1
Check: running R code from vignettes
Result: ERROR
Errors in running code in vignettes:
when running code in ‘motif_guideline.Rmd’
...
> knitr::opts_chunk$set(collapse = TRUE, comment = "#>")
> knitr::include_graphics("../man/figure/conbine.png")
When sourcing ‘motif_guideline.R’:
Error: Cannot find the file(s): "../man/figure/conbine.png"
Execution halted
‘motif_guideline.Rmd’ using ‘UTF-8’... failed
Flavors: r-oldrel-macos-arm64, r-oldrel-macos-x86_64
These binaries (installable software) and packages are in development.
They may not be fully stable and should be used with caution. We make no claims about them.