Last updated on 2025-07-23 05:48:47 CEST.
Flavor | Version | Tinstall | Tcheck | Ttotal | Status | Flags |
---|---|---|---|---|---|---|
r-devel-linux-x86_64-debian-clang | 1.2.2 | 5.33 | 36.55 | 41.88 | OK | |
r-devel-linux-x86_64-debian-gcc | 1.2.2 | 3.98 | 28.05 | 32.03 | OK | |
r-devel-linux-x86_64-fedora-clang | 1.2.2 | 60.72 | OK | |||
r-devel-linux-x86_64-fedora-gcc | 1.2.2 | 57.89 | OK | |||
r-devel-windows-x86_64 | 1.2.2 | 7.00 | 58.00 | 65.00 | OK | |
r-patched-linux-x86_64 | 1.2.2 | 6.43 | 33.89 | 40.32 | OK | |
r-release-linux-x86_64 | 1.2.2 | 5.73 | 33.32 | 39.05 | OK | |
r-release-macos-arm64 | 1.2.2 | 26.00 | OK | |||
r-release-macos-x86_64 | 1.2.2 | 41.00 | OK | |||
r-release-windows-x86_64 | 1.2.2 | 7.00 | 56.00 | 63.00 | OK | |
r-oldrel-macos-arm64 | 1.2.2 | 27.00 | NOTE | |||
r-oldrel-macos-x86_64 | 1.2.2 | 36.00 | NOTE | |||
r-oldrel-windows-x86_64 | 1.2.2 | 9.00 | 65.00 | 74.00 | OK |
Version: 1.2.2
Check: installed package size
Result: NOTE
installed size is 5.8Mb
sub-directories of 1Mb or more:
data 5.5Mb
Flavors: r-oldrel-macos-arm64, r-oldrel-macos-x86_64
These binaries (installable software) and packages are in development.
They may not be fully stable and should be used with caution. We make no claims about them.