CRAN Package Check Results for Package IMD

Last updated on 2025-02-23 09:51:11 CET.

Flavor Version Tinstall Tcheck Ttotal Status Flags
r-devel-linux-x86_64-debian-clang 1.2.2 5.46 34.40 39.86 OK
r-devel-linux-x86_64-debian-gcc 1.2.2 3.90 26.48 30.38 OK
r-devel-linux-x86_64-fedora-clang 1.2.2 66.08 OK
r-devel-linux-x86_64-fedora-gcc 1.2.2 58.40 OK
r-devel-macos-arm64 1.2.2 31.00 OK
r-devel-macos-x86_64 1.2.2 41.00 OK
r-devel-windows-x86_64 1.2.2 7.00 65.00 72.00 OK
r-patched-linux-x86_64 1.2.2 5.55 32.41 37.96 OK
r-release-linux-x86_64 1.2.2 5.24 32.41 37.65 OK
r-release-macos-arm64 1.2.2 27.00 NOTE
r-release-macos-x86_64 1.2.2 36.00 NOTE
r-release-windows-x86_64 1.2.2 7.00 58.00 65.00 OK
r-oldrel-macos-arm64 1.2.2 27.00 OK
r-oldrel-macos-x86_64 1.2.2 39.00 NOTE
r-oldrel-windows-x86_64 1.2.2 10.00 66.00 76.00 OK

Check Details

Version: 1.2.2
Check: installed package size
Result: NOTE installed size is 5.8Mb sub-directories of 1Mb or more: data 5.5Mb Flavors: r-release-macos-arm64, r-release-macos-x86_64, r-oldrel-macos-x86_64

These binaries (installable software) and packages are in development.
They may not be fully stable and should be used with caution. We make no claims about them.