CRAN Package Check Results for Package IMEC

Last updated on 2025-10-03 15:49:52 CEST.

Flavor Version Tinstall Tcheck Ttotal Status Flags
r-devel-linux-x86_64-debian-clang 0.2.0 2.10 54.88 56.98 OK
r-devel-linux-x86_64-debian-gcc 0.2.0 1.64 40.34 41.98 OK
r-devel-linux-x86_64-fedora-clang 0.2.0 90.57 OK
r-devel-linux-x86_64-fedora-gcc 0.2.0 94.61 OK
r-devel-windows-x86_64 0.2.0 4.00 72.00 76.00 OK
r-patched-linux-x86_64 0.2.0 2.16 52.26 54.42 OK
r-release-linux-x86_64 0.2.0 1.95 52.08 54.03 OK
r-release-macos-arm64 0.2.0 52.00 OK
r-release-macos-x86_64 0.2.0 69.00 OK
r-release-windows-x86_64 0.2.0 4.00 75.00 79.00 OK
r-oldrel-macos-arm64 0.2.0 37.00 NOTE
r-oldrel-macos-x86_64 0.2.0 43.00 NOTE
r-oldrel-windows-x86_64 0.2.0 5.00 98.00 103.00 NOTE

Check Details

Version: 0.2.0
Check: LazyData
Result: NOTE 'LazyData' is specified without a 'data' directory Flavors: r-oldrel-macos-arm64, r-oldrel-macos-x86_64, r-oldrel-windows-x86_64

These binaries (installable software) and packages are in development.
They may not be fully stable and should be used with caution. We make no claims about them.