Last updated on 2025-11-13 21:49:59 CET.
| Flavor | Version | Tinstall | Tcheck | Ttotal | Status | Flags |
|---|---|---|---|---|---|---|
| r-devel-linux-x86_64-debian-clang | 0.2.0 | 2.19 | 55.25 | 57.44 | OK | |
| r-devel-linux-x86_64-debian-gcc | 0.2.0 | 1.67 | 41.20 | 42.87 | OK | |
| r-devel-linux-x86_64-fedora-clang | 0.2.0 | 97.40 | OK | |||
| r-devel-linux-x86_64-fedora-gcc | 0.2.0 | 95.36 | ERROR | |||
| r-devel-windows-x86_64 | 0.2.0 | 4.00 | 71.00 | 75.00 | OK | |
| r-patched-linux-x86_64 | 0.2.0 | 2.13 | 53.52 | 55.65 | OK | |
| r-release-linux-x86_64 | 0.2.0 | 1.88 | 52.09 | 53.97 | OK | |
| r-release-macos-arm64 | 0.2.0 | 1.00 | 51.00 | 52.00 | OK | |
| r-release-macos-x86_64 | 0.2.0 | 2.00 | 67.00 | 69.00 | OK | |
| r-release-windows-x86_64 | 0.2.0 | 4.00 | 86.00 | 90.00 | OK | |
| r-oldrel-macos-arm64 | 0.2.0 | 1.00 | 36.00 | 37.00 | NOTE | |
| r-oldrel-macos-x86_64 | 0.2.0 | 2.00 | 41.00 | 43.00 | NOTE | |
| r-oldrel-windows-x86_64 | 0.2.0 | 4.00 | 88.00 | 92.00 | NOTE |
Version: 0.2.0
Check: tests
Result: ERROR
Running ‘testthat.R’ [47s/127s]
Running the tests in ‘tests/testthat.R’ failed.
Complete output:
> library(testthat)
> library(IMEC)
>
> test_check("IMEC")
[1] "The used edge weight is 0.333333333333333"
[1] "The used edge weight is 0.5"
[1] "The used edge weight is 0.333333333333333"
[1] "The used edge weight is 0.5"
[1] "The used edge weight is 0.333333333333333"
[1] "The used edge weight is 0.5"
[1] "The used edge weight is 0.5"
[1] "The used edge weight is 0.333333333333333"
[1] "The used edge weight is 0.333333333333333"
[1] "The used edge weight is 0.5"
[1] "The used edge weight is -4"
[1] "The used edge weight is -4"
Press [enter] to continue
Saving _problems/test-0-basictests-29.R
[1] "The used edge weight is 0.333333333333333"
[1] "The used edge weight is 0.5"
[1] "The used edge weight is 0.333333333333333"
[1] "The used edge weight is 0.5"
[1] "The used edge weight is 0.333333333333333"
[1] "The used edge weight is 0.5"
[1] "The used edge weight is 0.5"
[1] "The used edge weight is -4"
[1] "The used edge weight is -4"
Press [enter] to continue
Saving _problems/test-0-basictests-60.R
[1] "The used edge weight is 0.333333333333333"
[1] "The used edge weight is 0.5"
[1] "The used edge weight is 0.333333333333333"
[1] "The used edge weight is 0.5"
[1] "The used edge weight is 0.333333333333333"
[1] "The used edge weight is 0.5"
[1] "The used edge weight is 0.5"
[1] "The used edge weight is 0.333333333333333"
[1] "The used edge weight is 0.333333333333333"
[1] "The used edge weight is 0.5"
[1] "The used edge weight is -4"
[1] "The used edge weight is -4"
[ FAIL 2 | WARN 2 | SKIP 1 | PASS 2 ]
══ Skipped tests (1) ═══════════════════════════════════════════════════════════
• On CRAN (1): 'test-0-basictests.R:105:1'
══ Failed tests ════════════════════════════════════════════════════════════════
── Error ('test-0-basictests.R:29:3'): analytic way of calculating coherence works ──
Error in `expect(0 < mean(IMEC$ExplanatoryCoherenceT1[[2]]))`: `failure_message` must be a character vector, not absent.
Backtrace:
▆
1. └─testthat::expect(failure_message = <empty>) at test-0-basictests.R:29:3
2. └─testthat:::check_character(failure_message)
3. └─testthat:::stop_input_type(...)
4. └─rlang::abort(message, ..., call = call, arg = arg)
── Error ('test-0-basictests.R:60:3'): analytic way of calculating coherence works for 1 theory ──
Error in `expect(0 < mean(IMEC$ExplanatoryCoherenceT1[[2]]))`: `failure_message` must be a character vector, not absent.
Backtrace:
▆
1. └─testthat::expect(failure_message = <empty>) at test-0-basictests.R:60:3
2. └─testthat:::check_character(failure_message)
3. └─testthat:::stop_input_type(...)
4. └─rlang::abort(message, ..., call = call, arg = arg)
[ FAIL 2 | WARN 2 | SKIP 1 | PASS 2 ]
Error:
! Test failures.
Execution halted
Flavor: r-devel-linux-x86_64-fedora-gcc
Version: 0.2.0
Check: LazyData
Result: NOTE
'LazyData' is specified without a 'data' directory
Flavors: r-oldrel-macos-arm64, r-oldrel-macos-x86_64, r-oldrel-windows-x86_64
These binaries (installable software) and packages are in development.
They may not be fully stable and should be used with caution. We make no claims about them.