Last updated on 2025-11-11 15:50:36 CET.
| Flavor | Version | Tinstall | Tcheck | Ttotal | Status | Flags |
|---|---|---|---|---|---|---|
| r-devel-linux-x86_64-debian-clang | 2.2.0 | 17.07 | 125.44 | 142.51 | NOTE | |
| r-devel-linux-x86_64-debian-gcc | 2.2.0 | 14.43 | 80.71 | 95.14 | NOTE | |
| r-devel-linux-x86_64-fedora-clang | 2.2.0 | 69.00 | 168.86 | 237.86 | OK | |
| r-devel-linux-x86_64-fedora-gcc | 2.2.0 | 55.00 | 173.53 | 228.53 | OK | |
| r-devel-windows-x86_64 | 2.2.0 | 22.00 | 119.00 | 141.00 | OK | |
| r-patched-linux-x86_64 | 2.2.0 | 23.84 | 115.56 | 139.40 | OK | |
| r-release-linux-x86_64 | 2.2.0 | 20.97 | 119.81 | 140.78 | OK | |
| r-release-macos-arm64 | 2.2.0 | 10.00 | 65.00 | 75.00 | OK | |
| r-release-macos-x86_64 | 2.2.0 | 24.00 | 111.00 | 135.00 | OK | |
| r-release-windows-x86_64 | 2.2.0 | 21.00 | 114.00 | 135.00 | OK | |
| r-oldrel-macos-arm64 | 2.2.0 | 10.00 | 47.00 | 57.00 | OK | |
| r-oldrel-macos-x86_64 | 2.2.0 | 16.00 | 79.00 | 95.00 | OK | |
| r-oldrel-windows-x86_64 | 2.2.0 | 30.00 | 156.00 | 186.00 | OK |
Version: 2.2.0
Check: CRAN incoming feasibility
Result: NOTE
Maintainer: ‘Keefe Murphy <keefe.murphy@mu.ie>’
The BugReports field in DESCRIPTION has
https://github.com/Keefe-Murphy/IMIFA
which should likely be
https://github.com/Keefe-Murphy/IMIFA/issues
instead.
Flavors: r-devel-linux-x86_64-debian-clang, r-devel-linux-x86_64-debian-gcc
These binaries (installable software) and packages are in development.
They may not be fully stable and should be used with caution. We make no claims about them.