CRAN Package Check Results for Package IMP

Last updated on 2025-10-23 11:50:16 CEST.

Flavor Version Tinstall Tcheck Ttotal Status Flags
r-devel-linux-x86_64-debian-clang 1.1 7.89 65.69 73.58 OK
r-devel-linux-x86_64-debian-gcc 1.1 4.96 46.40 51.36 OK
r-devel-linux-x86_64-fedora-clang 1.1 17.00 92.57 109.57 OK
r-devel-linux-x86_64-fedora-gcc 1.1 16.00 87.18 103.18 OK
r-devel-windows-x86_64 1.1 9.00 77.00 86.00 OK
r-patched-linux-x86_64 1.1 6.71 61.08 67.79 OK
r-release-linux-x86_64 1.1 7.70 60.78 68.48 OK
r-release-macos-arm64 1.1 3.00 24.00 27.00 OK
r-release-macos-x86_64 1.1 5.00 43.00 48.00 OK
r-release-windows-x86_64 1.1 10.00 77.00 87.00 OK
r-oldrel-macos-arm64 1.1 3.00 25.00 28.00 NOTE
r-oldrel-macos-x86_64 1.1 4.00 37.00 41.00 NOTE
r-oldrel-windows-x86_64 1.1 12.00 96.00 108.00 NOTE

Check Details

Version: 1.1
Check: LazyData
Result: NOTE 'LazyData' is specified without a 'data' directory Flavors: r-oldrel-macos-arm64, r-oldrel-macos-x86_64, r-oldrel-windows-x86_64

These binaries (installable software) and packages are in development.
They may not be fully stable and should be used with caution. We make no claims about them.