CRAN Package Check Results for Package IMPACT

Last updated on 2025-11-11 15:50:36 CET.

Flavor Version Tinstall Tcheck Ttotal Status Flags
r-devel-linux-x86_64-debian-clang 0.1.1 1.70 17.68 19.38 NOTE
r-devel-linux-x86_64-debian-gcc 0.1.1 1.30 14.75 16.05 NOTE
r-devel-linux-x86_64-fedora-clang 0.1.1 29.10 OK
r-devel-linux-x86_64-fedora-gcc 0.1.1 26.47 OK
r-devel-windows-x86_64 0.1.1 2.00 32.00 34.00 OK
r-patched-linux-x86_64 0.1.1 1.69 16.98 18.67 OK
r-release-linux-x86_64 0.1.1 1.62 16.81 18.43 OK
r-release-macos-arm64 0.1.1 1.00 13.00 14.00 OK
r-release-macos-x86_64 0.1.1 2.00 19.00 21.00 OK
r-release-windows-x86_64 0.1.1 2.00 31.00 33.00 OK
r-oldrel-macos-arm64 0.1.1 1.00 13.00 14.00 OK
r-oldrel-macos-x86_64 0.1.1 1.00 24.00 25.00 OK
r-oldrel-windows-x86_64 0.1.1 3.00 34.00 37.00 OK

Check Details

Version: 0.1.1
Check: CRAN incoming feasibility
Result: NOTE Maintainer: ‘Nery Sofia Huerta-Pacheco <nehuerta@uv.mx>’ No Authors@R field in DESCRIPTION. Please add one, modifying Authors@R: person(given = c("Nery", "Sofia"), family = "Huerta-Pacheco", role = c("aut", "cre"), email = "nehuerta@uv.mx") as necessary. Flavors: r-devel-linux-x86_64-debian-clang, r-devel-linux-x86_64-debian-gcc

These binaries (installable software) and packages are in development.
They may not be fully stable and should be used with caution. We make no claims about them.