Last updated on 2025-02-07 10:49:22 CET.
Flavor | Version | Tinstall | Tcheck | Ttotal | Status | Flags |
---|---|---|---|---|---|---|
r-devel-linux-x86_64-debian-clang | 1.0.0 | 9.60 | 277.79 | 287.39 | OK | |
r-devel-linux-x86_64-debian-gcc | 1.0.0 | 6.51 | 192.10 | 198.61 | OK | |
r-devel-linux-x86_64-fedora-clang | 1.0.0 | 471.71 | NOTE | |||
r-devel-linux-x86_64-fedora-gcc | 1.0.0 | 559.03 | NOTE | |||
r-devel-windows-x86_64 | 1.0.0 | 10.00 | 378.00 | 388.00 | OK | |
r-patched-linux-x86_64 | 1.0.0 | 8.36 | 274.38 | 282.74 | OK | |
r-release-linux-x86_64 | 1.0.0 | 8.55 | 281.52 | 290.07 | OK | |
r-release-macos-arm64 | 1.0.0 | 164.00 | OK | |||
r-release-macos-x86_64 | 1.0.0 | 281.00 | OK | |||
r-release-windows-x86_64 | 1.0.0 | 9.00 | 376.00 | 385.00 | OK | |
r-oldrel-macos-arm64 | 1.0.0 | 187.00 | OK | |||
r-oldrel-macos-x86_64 | 1.0.0 | 359.00 | OK | |||
r-oldrel-windows-x86_64 | 1.0.0 | 12.00 | 372.00 | 384.00 | OK |
Version: 1.0.0
Check: dependencies in R code
Result: NOTE
Namespaces in Imports field not imported from:
‘lme4’ ‘reshape2’
All declared Imports should be used.
Flavors: r-devel-linux-x86_64-fedora-clang, r-devel-linux-x86_64-fedora-gcc
These binaries (installable software) and packages are in development.
They may not be fully stable and should be used with caution. We make no claims about them.