Last updated on 2025-02-16 10:50:48 CET.
Flavor | Version | Tinstall | Tcheck | Ttotal | Status | Flags |
---|---|---|---|---|---|---|
r-devel-linux-x86_64-debian-clang | 24.3.25 | 20.14 | 116.26 | 136.40 | OK | |
r-devel-linux-x86_64-debian-gcc | 24.3.25 | 14.10 | 78.83 | 92.93 | OK | |
r-devel-linux-x86_64-fedora-clang | 24.3.25 | 224.81 | OK | |||
r-devel-linux-x86_64-fedora-gcc | 24.3.25 | 211.71 | OK | |||
r-devel-macos-arm64 | 24.3.25 | 60.00 | OK | |||
r-devel-macos-x86_64 | 24.3.25 | 129.00 | OK | |||
r-devel-windows-x86_64 | 24.3.25 | 19.00 | 113.00 | 132.00 | OK | |
r-patched-linux-x86_64 | 24.3.25 | 18.39 | 103.91 | 122.30 | NOTE | |
r-release-linux-x86_64 | 24.3.25 | 16.66 | 105.60 | 122.26 | NOTE | |
r-release-macos-arm64 | 24.3.25 | 63.00 | NOTE | |||
r-release-macos-x86_64 | 24.3.25 | 88.00 | NOTE | |||
r-release-windows-x86_64 | 24.3.25 | 19.00 | 111.00 | 130.00 | OK | |
r-oldrel-macos-arm64 | 24.3.25 | 61.00 | NOTE | |||
r-oldrel-macos-x86_64 | 24.3.25 | 145.00 | NOTE | |||
r-oldrel-windows-x86_64 | 24.3.25 | 25.00 | 160.00 | 185.00 | NOTE |
Version: 24.3.25
Check: package dependencies
Result: NOTE
Package suggested but not available for checking: ‘INLA’
Flavors: r-patched-linux-x86_64, r-release-linux-x86_64, r-release-macos-arm64, r-oldrel-macos-arm64, r-oldrel-macos-x86_64, r-oldrel-windows-x86_64
Version: 24.3.25
Check: package dependencies
Result: NOTE
Packages suggested but not available for checking: 'INLA', 'frailtypack'
Flavor: r-release-macos-x86_64
These binaries (installable software) and packages are in development.
They may not be fully stable and should be used with caution. We make no claims about them.