Last updated on 2025-05-08 04:52:08 CEST.
Flavor | Version | Tinstall | Tcheck | Ttotal | Status | Flags |
---|---|---|---|---|---|---|
r-devel-linux-x86_64-debian-clang | 0.1.12 | 12.73 | 102.78 | 115.51 | OK | |
r-devel-linux-x86_64-debian-gcc | 0.1.12 | 9.16 | 76.39 | 85.55 | OK | |
r-devel-linux-x86_64-fedora-clang | 0.1.12 | 172.99 | NOTE | |||
r-devel-linux-x86_64-fedora-gcc | 0.1.12 | 195.78 | NOTE | |||
r-devel-windows-x86_64 | 0.1.12 | 17.00 | 107.00 | 124.00 | OK | |
r-patched-linux-x86_64 | 0.1.12 | 11.33 | 98.28 | 109.61 | OK | |
r-release-linux-x86_64 | 0.1.12 | 11.62 | 97.91 | 109.53 | OK | |
r-release-macos-arm64 | 0.1.12 | 74.00 | OK | |||
r-release-macos-x86_64 | 0.1.12 | 104.00 | OK | |||
r-release-windows-x86_64 | 0.1.12 | 18.00 | 105.00 | 123.00 | OK | |
r-oldrel-macos-arm64 | 0.1.12 | 73.00 | NOTE | |||
r-oldrel-macos-x86_64 | 0.1.12 | 119.00 | NOTE | |||
r-oldrel-windows-x86_64 | 0.1.12 | 22.00 | 131.00 | 153.00 | OK |
Version: 0.1.12
Check: compiled code
Result: NOTE
File ‘INLAspacetime/libs/INLAspacetime.so’:
Found no calls to: ‘R_registerRoutines’, ‘R_useDynamicSymbols’
It is good practice to register native routines and to disable symbol
search.
See ‘Writing portable packages’ in the ‘Writing R Extensions’ manual.
Flavors: r-devel-linux-x86_64-fedora-clang, r-devel-linux-x86_64-fedora-gcc
Version: 0.1.12
Check: package dependencies
Result: NOTE
Package suggested but not available for checking: ‘INLA’
Flavors: r-oldrel-macos-arm64, r-oldrel-macos-x86_64
Version: 0.1.12
Check: Rd cross-references
Result: NOTE
Package unavailable to check Rd xrefs: ‘INLA’
Flavors: r-oldrel-macos-arm64, r-oldrel-macos-x86_64
These binaries (installable software) and packages are in development.
They may not be fully stable and should be used with caution. We make no claims about them.