Last updated on 2025-05-01 12:49:31 CEST.
Flavor | Version | Tinstall | Tcheck | Ttotal | Status | Flags |
---|---|---|---|---|---|---|
r-devel-linux-x86_64-debian-clang | 0.1.0 | 20.39 | 146.39 | 166.78 | NOTE | |
r-devel-linux-x86_64-debian-gcc | 0.1.0 | 15.14 | 103.23 | 118.37 | NOTE | |
r-devel-linux-x86_64-fedora-clang | 0.1.0 | 270.28 | NOTE | |||
r-devel-linux-x86_64-fedora-gcc | 0.1.0 | 250.81 | NOTE | |||
r-devel-windows-x86_64 | 0.1.0 | 21.00 | 138.00 | 159.00 | NOTE | |
r-patched-linux-x86_64 | 0.1.0 | 19.36 | 136.65 | 156.01 | NOTE | |
r-release-linux-x86_64 | NOTE | |||||
r-release-macos-arm64 | 0.1.0 | 65.00 | NOTE | |||
r-release-macos-x86_64 | 0.1.0 | 154.00 | NOTE | |||
r-release-windows-x86_64 | 0.1.0 | 20.00 | 141.00 | 161.00 | NOTE | |
r-oldrel-macos-arm64 | 0.1.0 | 88.00 | NOTE | |||
r-oldrel-macos-x86_64 | 0.1.0 | 120.00 | NOTE | |||
r-oldrel-windows-x86_64 | 0.1.0 | 27.00 | 182.00 | 209.00 | NOTE |
Version: 0.1.0
Check: package subdirectories
Result: NOTE
Problems with news in ‘NEWS.md’:
Cannot extract version info from the following section titles:
INSPECTumours (development version)
Flavors: r-devel-linux-x86_64-debian-clang, r-devel-linux-x86_64-debian-gcc, r-devel-linux-x86_64-fedora-clang, r-devel-linux-x86_64-fedora-gcc, r-devel-windows-x86_64, r-patched-linux-x86_64, r-release-linux-x86_64, r-release-macos-arm64, r-release-macos-x86_64, r-release-windows-x86_64, r-oldrel-macos-arm64, r-oldrel-macos-x86_64, r-oldrel-windows-x86_64
These binaries (installable software) and packages are in development.
They may not be fully stable and should be used with caution. We make no claims about them.