CRAN Package Check Results for Package INTRIGUE

Last updated on 2025-11-12 19:51:52 CET.

Flavor Version Tinstall Tcheck Ttotal Status Flags
r-devel-linux-x86_64-debian-clang 0.1.0 2.52 27.56 30.08 OK
r-devel-linux-x86_64-debian-gcc 0.1.0 1.90 20.64 22.54 OK
r-devel-linux-x86_64-fedora-clang 0.1.0 12.00 34.44 46.44 NOTE
r-devel-linux-x86_64-fedora-gcc 0.1.0 42.89 NOTE
r-devel-windows-x86_64 0.1.0 4.00 45.00 49.00 OK
r-patched-linux-x86_64 0.1.0 2.62 25.79 28.41 OK
r-release-linux-x86_64 0.1.0 2.61 25.59 28.20 OK
r-release-macos-arm64 0.1.0 2.00 22.00 24.00 OK
r-release-macos-x86_64 0.1.0 2.00 29.00 31.00 OK
r-release-windows-x86_64 0.1.0 4.00 43.00 47.00 OK
r-oldrel-macos-arm64 0.1.0 2.00 16.00 18.00 OK
r-oldrel-macos-x86_64 0.1.0 2.00 26.00 28.00 OK
r-oldrel-windows-x86_64 0.1.0 6.00 53.00 59.00 OK

Check Details

Version: 0.1.0
Check: dependencies in R code
Result: NOTE Namespace in Imports field not imported from: ‘dplyr’ All declared Imports should be used. Flavors: r-devel-linux-x86_64-fedora-clang, r-devel-linux-x86_64-fedora-gcc

These binaries (installable software) and packages are in development.
They may not be fully stable and should be used with caution. We make no claims about them.