Last updated on 2025-02-16 10:50:48 CET.
Flavor | Version | Tinstall | Tcheck | Ttotal | Status | Flags |
---|---|---|---|---|---|---|
r-devel-linux-x86_64-debian-clang | 1.1.8 | 13.29 | 147.44 | 160.73 | OK | |
r-devel-linux-x86_64-debian-gcc | 1.1.8 | 8.83 | 102.32 | 111.15 | OK | |
r-devel-linux-x86_64-fedora-clang | 1.1.8 | 271.13 | NOTE | |||
r-devel-linux-x86_64-fedora-gcc | 1.1.8 | 245.62 | NOTE | |||
r-devel-macos-arm64 | 1.1.8 | 66.00 | OK | |||
r-devel-macos-x86_64 | 1.1.8 | 130.00 | OK | |||
r-devel-windows-x86_64 | 1.1.8 | 13.00 | 147.00 | 160.00 | OK | |
r-patched-linux-x86_64 | 1.1.8 | 12.10 | 138.69 | 150.79 | OK | |
r-release-linux-x86_64 | 1.1.8 | 13.04 | 140.19 | 153.23 | OK | |
r-release-macos-arm64 | 1.1.8 | 65.00 | OK | |||
r-release-macos-x86_64 | 1.1.8 | 107.00 | OK | |||
r-release-windows-x86_64 | 1.1.8 | 13.00 | 146.00 | 159.00 | OK | |
r-oldrel-macos-arm64 | 1.1.8 | 72.00 | OK | |||
r-oldrel-macos-x86_64 | 1.1.8 | 126.00 | OK | |||
r-oldrel-windows-x86_64 | 1.1.8 | 17.00 | 183.00 | 200.00 | OK |
Version: 1.1.8
Check: dependencies in R code
Result: NOTE
Namespaces in Imports field not imported from:
‘Matrix’ ‘expm’
All declared Imports should be used.
Flavors: r-devel-linux-x86_64-fedora-clang, r-devel-linux-x86_64-fedora-gcc
These binaries (installable software) and packages are in development.
They may not be fully stable and should be used with caution. We make no claims about them.