Last updated on 2025-05-01 14:49:13 CEST.
Flavor | Version | Tinstall | Tcheck | Ttotal | Status | Flags |
---|---|---|---|---|---|---|
r-devel-linux-x86_64-debian-clang | 1.0 | 6.14 | 54.46 | 60.60 | NOTE | |
r-devel-linux-x86_64-debian-gcc | 1.0 | 4.69 | 41.60 | 46.29 | NOTE | |
r-devel-linux-x86_64-fedora-clang | 1.0 | 92.76 | OK | |||
r-devel-linux-x86_64-fedora-gcc | 1.0 | 88.49 | OK | |||
r-devel-windows-x86_64 | 1.0 | 7.00 | 69.00 | 76.00 | OK | |
r-patched-linux-x86_64 | 1.0 | 6.16 | 52.09 | 58.25 | OK | |
r-release-linux-x86_64 | OK | |||||
r-release-macos-arm64 | 1.0 | 31.00 | OK | |||
r-release-macos-x86_64 | 1.0 | 54.00 | OK | |||
r-release-windows-x86_64 | 1.0 | 7.00 | 73.00 | 80.00 | OK | |
r-oldrel-macos-arm64 | 1.0 | 30.00 | NOTE | |||
r-oldrel-macos-x86_64 | 1.0 | 45.00 | NOTE | |||
r-oldrel-windows-x86_64 | 1.0 | 8.00 | 79.00 | 87.00 | NOTE |
Version: 1.0
Check: CRAN incoming feasibility
Result: NOTE
Maintainer: ‘Jie-Huei Wang <jhwang@mail.fcu.edu.tw>’
No Authors@R field in DESCRIPTION.
Please add one, modifying
Authors@R: c(person(given = "Jie-Huei",
family = "Wang",
role = c("aut", "cre"),
email = "jhwang@mail.fcu.edu.tw"),
person(given = "Yi-Hau",
family = "Chen",
role = "aut"))
as necessary.
Flavors: r-devel-linux-x86_64-debian-clang, r-devel-linux-x86_64-debian-gcc
Version: 1.0
Check: LazyData
Result: NOTE
'LazyData' is specified without a 'data' directory
Flavors: r-oldrel-macos-arm64, r-oldrel-macos-x86_64, r-oldrel-windows-x86_64
These binaries (installable software) and packages are in development.
They may not be fully stable and should be used with caution. We make no claims about them.