Last updated on 2025-05-07 22:48:30 CEST.
Flavor | Version | Tinstall | Tcheck | Ttotal | Status | Flags |
---|---|---|---|---|---|---|
r-devel-linux-x86_64-debian-clang | 1.0.0 | 5.69 | 50.72 | 56.41 | NOTE | |
r-devel-linux-x86_64-debian-gcc | 1.0.0 | 4.37 | 36.19 | 40.56 | NOTE | |
r-devel-linux-x86_64-fedora-clang | 1.0.0 | 87.15 | NOTE | |||
r-devel-linux-x86_64-fedora-gcc | 1.0.0 | 88.11 | NOTE | |||
r-devel-windows-x86_64 | 1.0.0 | 7.00 | 64.00 | 71.00 | NOTE | |
r-patched-linux-x86_64 | 1.0.0 | 5.77 | 46.41 | 52.18 | NOTE | |
r-release-linux-x86_64 | 1.0.0 | 5.21 | 46.44 | 51.65 | NOTE | |
r-release-macos-arm64 | 1.0.0 | 28.00 | NOTE | |||
r-release-macos-x86_64 | 1.0.0 | 45.00 | NOTE | |||
r-release-windows-x86_64 | 1.0.0 | 8.00 | 65.00 | 73.00 | NOTE | |
r-oldrel-macos-arm64 | 1.0.0 | 27.00 | NOTE | |||
r-oldrel-macos-x86_64 | 1.0.0 | 38.00 | NOTE | |||
r-oldrel-windows-x86_64 | 1.0.0 | 10.00 | 76.00 | 86.00 | NOTE |
Version: 1.0.0
Check: Rd files
Result: NOTE
checkRd: (-1) constrained.Rd:49: Escaped LaTeX specials: \&
Flavors: r-devel-linux-x86_64-debian-clang, r-devel-linux-x86_64-debian-gcc, r-devel-linux-x86_64-fedora-clang, r-devel-linux-x86_64-fedora-gcc, r-devel-windows-x86_64, r-patched-linux-x86_64, r-release-linux-x86_64, r-release-macos-arm64, r-release-macos-x86_64, r-release-windows-x86_64, r-oldrel-macos-arm64, r-oldrel-macos-x86_64, r-oldrel-windows-x86_64
Version: 1.0.0
Check: dependencies in R code
Result: NOTE
Namespaces in Imports field not imported from:
‘Rdpack’ ‘glmnet’
All declared Imports should be used.
Flavors: r-devel-linux-x86_64-fedora-clang, r-devel-linux-x86_64-fedora-gcc
These binaries (installable software) and packages are in development.
They may not be fully stable and should be used with caution. We make no claims about them.