Last updated on 2025-04-16 13:51:18 CEST.
Flavor | Version | Tinstall | Tcheck | Ttotal | Status | Flags |
---|---|---|---|---|---|---|
r-devel-linux-x86_64-debian-clang | 1.0.0 | 5.60 | 43.37 | 48.97 | NOTE | |
r-devel-linux-x86_64-debian-gcc | 1.0.0 | 4.38 | 32.26 | 36.64 | NOTE | |
r-devel-linux-x86_64-fedora-clang | 1.0.0 | 77.27 | NOTE | |||
r-devel-linux-x86_64-fedora-gcc | 1.0.0 | 73.35 | NOTE | |||
r-devel-windows-x86_64 | 1.0.0 | 8.00 | 60.00 | 68.00 | NOTE | |
r-patched-linux-x86_64 | 1.0.0 | 5.10 | 41.75 | 46.85 | NOTE | |
r-release-linux-x86_64 | 1.0.0 | 5.11 | 41.97 | 47.08 | NOTE | |
r-release-macos-arm64 | 1.0.0 | 28.00 | NOTE | |||
r-release-macos-x86_64 | 1.0.0 | 45.00 | NOTE | |||
r-release-windows-x86_64 | 1.0.0 | 7.00 | 68.00 | 75.00 | NOTE | |
r-oldrel-macos-arm64 | 1.0.0 | 27.00 | NOTE | |||
r-oldrel-macos-x86_64 | 1.0.0 | 38.00 | NOTE | |||
r-oldrel-windows-x86_64 | 1.0.0 | 9.00 | 70.00 | 79.00 | NOTE |
Version: 1.0.0
Check: Rd files
Result: NOTE
checkRd: (-1) constrained.Rd:49: Escaped LaTeX specials: \&
Flavors: r-devel-linux-x86_64-debian-clang, r-devel-linux-x86_64-debian-gcc, r-devel-linux-x86_64-fedora-clang, r-devel-linux-x86_64-fedora-gcc, r-devel-windows-x86_64, r-patched-linux-x86_64, r-release-linux-x86_64, r-release-macos-arm64, r-release-macos-x86_64, r-release-windows-x86_64, r-oldrel-macos-arm64, r-oldrel-macos-x86_64, r-oldrel-windows-x86_64
Version: 1.0.0
Check: dependencies in R code
Result: NOTE
Namespaces in Imports field not imported from:
‘Rdpack’ ‘glmnet’
All declared Imports should be used.
Flavors: r-devel-linux-x86_64-fedora-clang, r-devel-linux-x86_64-fedora-gcc
These binaries (installable software) and packages are in development.
They may not be fully stable and should be used with caution. We make no claims about them.