CRAN Package Check Results for Package IRTShiny

Last updated on 2025-05-08 04:52:08 CEST.

Flavor Version Tinstall Tcheck Ttotal Status Flags
r-devel-linux-x86_64-debian-clang 1.2 8.93 72.07 81.00 NOTE
r-devel-linux-x86_64-debian-gcc 1.2 7.24 53.83 61.07 NOTE
r-devel-linux-x86_64-fedora-clang 1.2 124.04 OK
r-devel-linux-x86_64-fedora-gcc 1.2 124.18 OK
r-devel-windows-x86_64 1.2 10.00 78.00 88.00 OK
r-patched-linux-x86_64 1.2 8.59 68.54 77.13 OK
r-release-linux-x86_64 1.2 8.85 68.61 77.46 OK
r-release-macos-arm64 1.2 44.00 OK
r-release-macos-x86_64 1.2 83.00 OK
r-release-windows-x86_64 1.2 11.00 81.00 92.00 OK
r-oldrel-macos-arm64 1.2 33.00 NOTE
r-oldrel-macos-x86_64 1.2 50.00 NOTE
r-oldrel-windows-x86_64 1.2 13.00 95.00 108.00 NOTE

Check Details

Version: 1.2
Check: CRAN incoming feasibility
Result: NOTE Maintainer: ‘W. Kyle Hamilton <kyle.hamilton@gmail.com>’ No Authors@R field in DESCRIPTION. Please add one, modifying Authors@R: c(person(given = c("W.", "Kyle"), family = "Hamilton", role = c("aut", "cre"), email = "kyle.hamilton@gmail.com"), person(given = "Atsushi", family = "Mizumoto", role = "aut", email = "atsushi@mizumot.com")) as necessary. Flavors: r-devel-linux-x86_64-debian-clang, r-devel-linux-x86_64-debian-gcc

Version: 1.2
Check: LazyData
Result: NOTE 'LazyData' is specified without a 'data' directory Flavors: r-oldrel-macos-arm64, r-oldrel-macos-x86_64, r-oldrel-windows-x86_64

These binaries (installable software) and packages are in development.
They may not be fully stable and should be used with caution. We make no claims about them.