Last updated on 2024-07-27 15:50:21 CEST.
Flavor | Version | Tinstall | Tcheck | Ttotal | Status | Flags |
---|---|---|---|---|---|---|
r-devel-linux-x86_64-debian-clang | 2.0.0 | 9.22 | 605.47 | 614.69 | OK | |
r-devel-linux-x86_64-debian-gcc | 2.0.0 | NOTE | ||||
r-devel-linux-x86_64-fedora-clang | 2.0.0 | 776.50 | OK | |||
r-devel-linux-x86_64-fedora-gcc | 2.0.0 | 734.19 | OK | |||
r-devel-windows-x86_64 | 2.0.0 | 13.00 | 600.00 | 613.00 | NOTE | |
r-patched-linux-x86_64 | 2.0.0 | OK | ||||
r-release-linux-x86_64 | 2.0.0 | 9.69 | 560.14 | 569.83 | OK | |
r-release-macos-arm64 | 2.0.0 | 239.00 | OK | |||
r-release-macos-x86_64 | 2.0.0 | 400.00 | OK | |||
r-release-windows-x86_64 | 2.0.0 | 10.00 | 635.00 | 645.00 | OK | |
r-oldrel-macos-arm64 | 2.0.0 | 265.00 | OK | |||
r-oldrel-macos-x86_64 | 2.0.0 | 610.00 | OK | |||
r-oldrel-windows-x86_64 | 2.0.0 | 14.00 | 623.00 | 637.00 | OK |
Version: 2.0.0
Check: Rd cross-references
Result: NOTE
Found the following Rd file(s) with Rd \link{} targets missing package
anchors:
DataGeneration.Rd: rBeta.4P
plot.IRTest.Rd: stat_function, geom_line
Please provide package anchors for all Rd \link{} targets not in the
package itself and the base packages.
Flavors: r-devel-linux-x86_64-debian-gcc, r-devel-windows-x86_64
These binaries (installable software) and packages are in development.
They may not be fully stable and should be used with caution. We make no claims about them.