CRAN Package Check Results for Package ISAT

Last updated on 2025-02-16 10:50:48 CET.

Flavor Version Tinstall Tcheck Ttotal Status Flags
r-devel-linux-x86_64-debian-clang 1.0.5 3.03 209.65 212.68 OK
r-devel-linux-x86_64-debian-gcc 1.0.5 2.24 129.65 131.89 OK
r-devel-linux-x86_64-fedora-clang 1.0.5 388.46 OK
r-devel-linux-x86_64-fedora-gcc 1.0.5 383.41 OK
r-devel-macos-arm64 1.0.5 107.00 OK
r-devel-macos-x86_64 1.0.5 213.00 OK
r-devel-windows-x86_64 1.0.5 4.00 212.00 216.00 OK
r-patched-linux-x86_64 1.0.5 2.39 194.01 196.40 NOTE
r-release-linux-x86_64 1.0.5 2.75 196.77 199.52 NOTE
r-release-macos-arm64 1.0.5 100.00 NOTE
r-release-macos-x86_64 1.0.5 151.00 NOTE
r-release-windows-x86_64 1.0.5 5.00 212.00 217.00 NOTE
r-oldrel-macos-arm64 1.0.5 110.00 NOTE
r-oldrel-macos-x86_64 1.0.5 171.00 NOTE
r-oldrel-windows-x86_64 1.0.5 4.00 241.00 245.00 NOTE

Check Details

Version: 1.0.5
Check: LazyData
Result: NOTE 'LazyData' is specified without a 'data' directory Flavors: r-patched-linux-x86_64, r-release-linux-x86_64, r-release-macos-arm64, r-release-macos-x86_64, r-release-windows-x86_64, r-oldrel-macos-arm64, r-oldrel-macos-x86_64, r-oldrel-windows-x86_64

These binaries (installable software) and packages are in development.
They may not be fully stable and should be used with caution. We make no claims about them.