CRAN Package Check Results for Package ISLR

Last updated on 2025-07-25 13:50:23 CEST.

Flavor Version Tinstall Tcheck Ttotal Status Flags
r-devel-linux-x86_64-debian-clang 1.4 1.71 15.83 17.54 NOTE
r-devel-linux-x86_64-debian-gcc 1.4 1.53 13.36 14.89 NOTE
r-devel-linux-x86_64-fedora-clang 1.4 27.30 OK
r-devel-linux-x86_64-fedora-gcc 1.4 25.49 OK
r-devel-windows-x86_64 1.4 4.00 40.00 44.00 OK
r-patched-linux-x86_64 1.4 2.06 14.55 16.61 OK
r-release-linux-x86_64 1.4 1.75 14.68 16.43 OK
r-release-macos-arm64 1.4 17.00 OK
r-release-macos-x86_64 1.4 23.00 OK
r-release-windows-x86_64 1.4 4.00 42.00 46.00 OK
r-oldrel-macos-arm64 1.4 24.00 OK
r-oldrel-macos-x86_64 1.4 19.00 OK
r-oldrel-windows-x86_64 1.4 3.00 37.00 40.00 OK

Check Details

Version: 1.4
Check: CRAN incoming feasibility
Result: NOTE Maintainer: ‘Trevor Hastie <hastie@stanford.edu>’ No Authors@R field in DESCRIPTION. Please add one, modifying Authors@R: c(person(given = "Gareth", family = "James", role = "aut"), person(given = "Daniela", family = "Witten", role = "aut"), person(given = "Trevor", family = "Hastie", role = c("aut", "cre"), email = "hastie@stanford.edu"), person(given = "Rob", family = "Tibshirani", role = "aut")) as necessary. Flavors: r-devel-linux-x86_64-debian-clang, r-devel-linux-x86_64-debian-gcc

These binaries (installable software) and packages are in development.
They may not be fully stable and should be used with caution. We make no claims about them.